{"id":189,"date":"2020-08-11T00:23:35","date_gmt":"2020-08-10T22:23:35","guid":{"rendered":"http:\/\/mediagoras.fr\/?page_id=189"},"modified":"2020-08-11T00:23:35","modified_gmt":"2020-08-10T22:23:35","slug":"correspondant-de-lyon","status":"publish","type":"page","link":"https:\/\/mediagoras.fr\/exemple\/nous-contacter\/les-correspondants-du-reseau\/correspondant-de-lyon\/","title":{"rendered":"Correspondant de Lyon (69) &#8211; Rh\u00f4ne-Alpes"},"content":{"rendered":"<div id=\"attachment_161\" style=\"width: 160px\" class=\"wp-caption alignleft\"><a href=\"http:\/\/mediagoras.fr\/wp-content\/uploads\/2012\/04\/Alain2.jpg\"><img loading=\"lazy\" decoding=\"async\" aria-describedby=\"caption-attachment-161\" class=\"size-thumbnail wp-image-161\" title=\"Alain2\" src=\"http:\/\/mediagoras.fr\/wp-content\/uploads\/2012\/04\/Alain2-150x150.jpg\" alt=\"\" width=\"150\" height=\"150\" \/><\/a><p id=\"caption-attachment-161\" class=\"wp-caption-text\">Alain A.<\/p><\/div>\n<p>Ce correspondant accepte les contacts par courriel et par t\u00e9l\u00e9phone. Son d\u00e9lai de r\u00e9ponse moyen est de une semaine, son d\u00e9lai maximum de 2 semaines (au del\u00e0 n&rsquo;h\u00e9sitez pas \u00e0 renouveler votre demande de contact).<\/p>\n<p>Il pourra vous donner des renseignements concernant le d\u00e9partement du Rh\u00f4ne, et plus g\u00e9n\u00e9ralement la r\u00e9gion Rh\u00f4ne-Alpes. Il r\u00e9pond aussi au niveau national (y compris DOM-TOM) et aux habitants des pays francophones.<\/p>\n<p>Son site internet personnel :\u00a0 \/<\/p>\n<p>Son association M\u00e9diagora de ratachement : <a href=\"http:\/\/mediagoras.fr\/lyon\/\">M\u00e9diagora Lyon<\/a><\/p>\n<p>Son adresse de courriel : mediagoras (\u00e0) free.fr (r\u00e9tablir l&rsquo;adresse avant usage)<\/p>\n<p>Son t\u00e9l\u00e9phone \u00a0 <span style=\"font-size: small\">(\u00e0 r\u00e9server aux urgences ou aux relances): 06 31 61 60 18 de 13h \u00e0 20h ts les jours (sauf les samedi)<\/span><\/p>\n<p>Comme tous les autres correspondants locaux du R\u00e9seau M\u00e9diagora, Alain n&rsquo;est pas un professionnel de sant\u00e9, mais un pair-aidant b\u00e9n\u00e9vole souffrant ou ayant souffert de troubles anxieux. L&rsquo;aide qu&rsquo;il pourra vous apporter est de l&rsquo;ordre du v\u00e9cu, \u00e9ventuellement similaire au votre, mais pas forc\u00e9ment. Il pourra peut-\u00eatre vous aider \u00e0 trouver un th\u00e9rapeute, mais ne pourra pas en tenir lieu.<\/p>\n<p style=\"text-align: right\"><span style=\"font-size: x-small\">Renseignements \u00e0 jour en ao\u00fbt 2020<\/span><\/p>\n","protected":false},"excerpt":{"rendered":"<p>Ce correspondant accepte les contacts par courriel et par t\u00e9l\u00e9phone. Son d\u00e9lai de r\u00e9ponse moyen est de une semaine, son d\u00e9lai maximum de 2 semaines (au del\u00e0 n&rsquo;h\u00e9sitez pas \u00e0 renouveler votre demande de contact). Il pourra vous donner des renseignements concernant le d\u00e9partement du Rh\u00f4ne, et plus g\u00e9n\u00e9ralement la r\u00e9gion Rh\u00f4ne-Alpes. Il r\u00e9pond aussi [&hellip;]<\/p>\n","protected":false},"author":38,"featured_media":0,"parent":276,"menu_order":0,"comment_status":"closed","ping_status":"closed","template":"onecolumn-page.php","meta":{"_et_pb_use_builder":"","_et_pb_old_content":"","_et_gb_content_width":"","footnotes":""},"class_list":["post-189","page","type-page","status-publish","hentry"],"yoast_head":"<!-- This site is optimized with the Yoast SEO plugin v28.3 - https:\/\/yoast.com\/product\/yoast-seo-wordpress\/ -->\n<title>Correspondant de Lyon (69) - Rh\u00f4ne-Alpes - M\u00e9diagoras Lyon<\/title>\n<meta name=\"robots\" content=\"index, follow, max-snippet:-1, max-image-preview:large, max-video-preview:-1\" \/>\n<link rel=\"canonical\" href=\"https:\/\/mediagoras.fr\/exemple\/nous-contacter\/les-correspondants-du-reseau\/correspondant-de-lyon\/\" \/>\n<meta property=\"og:locale\" content=\"fr_FR\" \/>\n<meta property=\"og:type\" content=\"article\" \/>\n<meta property=\"og:title\" content=\"Correspondant de Lyon (69) - Rh\u00f4ne-Alpes - M\u00e9diagoras Lyon\" \/>\n<meta property=\"og:description\" content=\"Ce correspondant accepte les contacts par courriel et par t\u00e9l\u00e9phone. Son d\u00e9lai de r\u00e9ponse moyen est de une semaine, son d\u00e9lai maximum de 2 semaines (au del\u00e0 n&rsquo;h\u00e9sitez pas \u00e0 renouveler votre demande de contact). Il pourra vous donner des renseignements concernant le d\u00e9partement du Rh\u00f4ne, et plus g\u00e9n\u00e9ralement la r\u00e9gion Rh\u00f4ne-Alpes. Il r\u00e9pond aussi [&hellip;]\" \/>\n<meta property=\"og:url\" content=\"https:\/\/mediagoras.fr\/exemple\/nous-contacter\/les-correspondants-du-reseau\/correspondant-de-lyon\/\" \/>\n<meta property=\"og:site_name\" content=\"M\u00e9diagoras Lyon\" \/>\n<meta name=\"twitter:card\" content=\"summary_large_image\" \/>\n<meta name=\"twitter:label1\" content=\"Dur\u00e9e de lecture estim\u00e9e\" \/>\n\t<meta name=\"twitter:data1\" content=\"1 minute\" \/>\n<script type=\"application\/ld+json\" class=\"yoast-schema-graph\">{\"@context\":\"https:\\\/\\\/schema.org\",\"@graph\":[{\"@type\":\"WebPage\",\"@id\":\"https:\\\/\\\/mediagoras.fr\\\/exemple\\\/nous-contacter\\\/les-correspondants-du-reseau\\\/correspondant-de-lyon\\\/\",\"url\":\"https:\\\/\\\/mediagoras.fr\\\/exemple\\\/nous-contacter\\\/les-correspondants-du-reseau\\\/correspondant-de-lyon\\\/\",\"name\":\"Correspondant de Lyon (69) - Rh\u00f4ne-Alpes - M\u00e9diagoras Lyon\",\"isPartOf\":{\"@id\":\"https:\\\/\\\/mediagoras.fr\\\/exemple\\\/#website\"},\"primaryImageOfPage\":{\"@id\":\"https:\\\/\\\/mediagoras.fr\\\/exemple\\\/nous-contacter\\\/les-correspondants-du-reseau\\\/correspondant-de-lyon\\\/#primaryimage\"},\"image\":{\"@id\":\"https:\\\/\\\/mediagoras.fr\\\/exemple\\\/nous-contacter\\\/les-correspondants-du-reseau\\\/correspondant-de-lyon\\\/#primaryimage\"},\"thumbnailUrl\":\"http:\\\/\\\/mediagoras.fr\\\/wp-content\\\/uploads\\\/2012\\\/04\\\/Alain2-150x150.jpg\",\"datePublished\":\"2020-08-10T22:23:35+00:00\",\"breadcrumb\":{\"@id\":\"https:\\\/\\\/mediagoras.fr\\\/exemple\\\/nous-contacter\\\/les-correspondants-du-reseau\\\/correspondant-de-lyon\\\/#breadcrumb\"},\"inLanguage\":\"fr-FR\",\"potentialAction\":[{\"@type\":\"ReadAction\",\"target\":[\"https:\\\/\\\/mediagoras.fr\\\/exemple\\\/nous-contacter\\\/les-correspondants-du-reseau\\\/correspondant-de-lyon\\\/\"]}]},{\"@type\":\"ImageObject\",\"inLanguage\":\"fr-FR\",\"@id\":\"https:\\\/\\\/mediagoras.fr\\\/exemple\\\/nous-contacter\\\/les-correspondants-du-reseau\\\/correspondant-de-lyon\\\/#primaryimage\",\"url\":\"http:\\\/\\\/mediagoras.fr\\\/wp-content\\\/uploads\\\/2012\\\/04\\\/Alain2-150x150.jpg\",\"contentUrl\":\"http:\\\/\\\/mediagoras.fr\\\/wp-content\\\/uploads\\\/2012\\\/04\\\/Alain2-150x150.jpg\"},{\"@type\":\"BreadcrumbList\",\"@id\":\"https:\\\/\\\/mediagoras.fr\\\/exemple\\\/nous-contacter\\\/les-correspondants-du-reseau\\\/correspondant-de-lyon\\\/#breadcrumb\",\"itemListElement\":[{\"@type\":\"ListItem\",\"position\":1,\"name\":\"Accueil\",\"item\":\"https:\\\/\\\/mediagoras.fr\\\/exemple\\\/\"},{\"@type\":\"ListItem\",\"position\":2,\"name\":\"Correspondant de Lyon (69) &#8211; Rh\u00f4ne-Alpes\"}]},{\"@type\":\"WebSite\",\"@id\":\"https:\\\/\\\/mediagoras.fr\\\/exemple\\\/#website\",\"url\":\"https:\\\/\\\/mediagoras.fr\\\/exemple\\\/\",\"name\":\"M\u00e9diagoras Lyon\",\"description\":\"Un site utilisant R\u00e9seau Mediagora\",\"potentialAction\":[{\"@type\":\"SearchAction\",\"target\":{\"@type\":\"EntryPoint\",\"urlTemplate\":\"https:\\\/\\\/mediagoras.fr\\\/exemple\\\/?s={search_term_string}\"},\"query-input\":{\"@type\":\"PropertyValueSpecification\",\"valueRequired\":true,\"valueName\":\"search_term_string\"}}],\"inLanguage\":\"fr-FR\"}]}<\/script>\n<!-- \/ Yoast SEO plugin. -->","yoast_head_json":{"title":"Correspondant de Lyon (69) - Rh\u00f4ne-Alpes - M\u00e9diagoras Lyon","robots":{"index":"index","follow":"follow","max-snippet":"max-snippet:-1","max-image-preview":"max-image-preview:large","max-video-preview":"max-video-preview:-1"},"canonical":"https:\/\/mediagoras.fr\/exemple\/nous-contacter\/les-correspondants-du-reseau\/correspondant-de-lyon\/","og_locale":"fr_FR","og_type":"article","og_title":"Correspondant de Lyon (69) - Rh\u00f4ne-Alpes - M\u00e9diagoras Lyon","og_description":"Ce correspondant accepte les contacts par courriel et par t\u00e9l\u00e9phone. Son d\u00e9lai de r\u00e9ponse moyen est de une semaine, son d\u00e9lai maximum de 2 semaines (au del\u00e0 n&rsquo;h\u00e9sitez pas \u00e0 renouveler votre demande de contact). Il pourra vous donner des renseignements concernant le d\u00e9partement du Rh\u00f4ne, et plus g\u00e9n\u00e9ralement la r\u00e9gion Rh\u00f4ne-Alpes. Il r\u00e9pond aussi [&hellip;]","og_url":"https:\/\/mediagoras.fr\/exemple\/nous-contacter\/les-correspondants-du-reseau\/correspondant-de-lyon\/","og_site_name":"M\u00e9diagoras Lyon","twitter_card":"summary_large_image","twitter_misc":{"Dur\u00e9e de lecture estim\u00e9e":"1 minute"},"schema":{"@context":"https:\/\/schema.org","@graph":[{"@type":"WebPage","@id":"https:\/\/mediagoras.fr\/exemple\/nous-contacter\/les-correspondants-du-reseau\/correspondant-de-lyon\/","url":"https:\/\/mediagoras.fr\/exemple\/nous-contacter\/les-correspondants-du-reseau\/correspondant-de-lyon\/","name":"Correspondant de Lyon (69) - Rh\u00f4ne-Alpes - M\u00e9diagoras Lyon","isPartOf":{"@id":"https:\/\/mediagoras.fr\/exemple\/#website"},"primaryImageOfPage":{"@id":"https:\/\/mediagoras.fr\/exemple\/nous-contacter\/les-correspondants-du-reseau\/correspondant-de-lyon\/#primaryimage"},"image":{"@id":"https:\/\/mediagoras.fr\/exemple\/nous-contacter\/les-correspondants-du-reseau\/correspondant-de-lyon\/#primaryimage"},"thumbnailUrl":"http:\/\/mediagoras.fr\/wp-content\/uploads\/2012\/04\/Alain2-150x150.jpg","datePublished":"2020-08-10T22:23:35+00:00","breadcrumb":{"@id":"https:\/\/mediagoras.fr\/exemple\/nous-contacter\/les-correspondants-du-reseau\/correspondant-de-lyon\/#breadcrumb"},"inLanguage":"fr-FR","potentialAction":[{"@type":"ReadAction","target":["https:\/\/mediagoras.fr\/exemple\/nous-contacter\/les-correspondants-du-reseau\/correspondant-de-lyon\/"]}]},{"@type":"ImageObject","inLanguage":"fr-FR","@id":"https:\/\/mediagoras.fr\/exemple\/nous-contacter\/les-correspondants-du-reseau\/correspondant-de-lyon\/#primaryimage","url":"http:\/\/mediagoras.fr\/wp-content\/uploads\/2012\/04\/Alain2-150x150.jpg","contentUrl":"http:\/\/mediagoras.fr\/wp-content\/uploads\/2012\/04\/Alain2-150x150.jpg"},{"@type":"BreadcrumbList","@id":"https:\/\/mediagoras.fr\/exemple\/nous-contacter\/les-correspondants-du-reseau\/correspondant-de-lyon\/#breadcrumb","itemListElement":[{"@type":"ListItem","position":1,"name":"Accueil","item":"https:\/\/mediagoras.fr\/exemple\/"},{"@type":"ListItem","position":2,"name":"Correspondant de Lyon (69) &#8211; Rh\u00f4ne-Alpes"}]},{"@type":"WebSite","@id":"https:\/\/mediagoras.fr\/exemple\/#website","url":"https:\/\/mediagoras.fr\/exemple\/","name":"M\u00e9diagoras Lyon","description":"Un site utilisant R\u00e9seau Mediagora","potentialAction":[{"@type":"SearchAction","target":{"@type":"EntryPoint","urlTemplate":"https:\/\/mediagoras.fr\/exemple\/?s={search_term_string}"},"query-input":{"@type":"PropertyValueSpecification","valueRequired":true,"valueName":"search_term_string"}}],"inLanguage":"fr-FR"}]}},"_links":{"self":[{"href":"https:\/\/mediagoras.fr\/exemple\/wp-json\/wp\/v2\/pages\/189","targetHints":{"allow":["GET"]}}],"collection":[{"href":"https:\/\/mediagoras.fr\/exemple\/wp-json\/wp\/v2\/pages"}],"about":[{"href":"https:\/\/mediagoras.fr\/exemple\/wp-json\/wp\/v2\/types\/page"}],"author":[{"embeddable":true,"href":"https:\/\/mediagoras.fr\/exemple\/wp-json\/wp\/v2\/users\/38"}],"replies":[{"embeddable":true,"href":"https:\/\/mediagoras.fr\/exemple\/wp-json\/wp\/v2\/comments?post=189"}],"version-history":[{"count":0,"href":"https:\/\/mediagoras.fr\/exemple\/wp-json\/wp\/v2\/pages\/189\/revisions"}],"up":[{"embeddable":true,"href":"https:\/\/mediagoras.fr\/exemple\/wp-json\/wp\/v2\/pages\/276"}],"wp:attachment":[{"href":"https:\/\/mediagoras.fr\/exemple\/wp-json\/wp\/v2\/media?parent=189"}],"curies":[{"name":"wp","href":"https:\/\/api.w.org\/{rel}","templated":true}]}}

Correspondant de Lyon (69) &#8211; Rhône-Alpes

<div id="attachment_161" style="width: 160px" class="wp-caption alignleft"><a href="http://mediagoras.fr/wp-content/uploads/2012/04/Alain2.jpg"><img loading="lazy" decoding="async" aria-describedby="caption-attachment-161" class="size-thumbnail wp-image-161" title="Alain2" src="http://mediagoras.fr/wp-content/uploads/2012/04/Alain2-150x150.jpg" alt="" width="150" height="150" /></a><p id="caption-attachment-161" class="wp-caption-text">Alain A.</p></div>
<p>Ce correspondant accepte les contacts par courriel et par téléphone. Son délai de réponse moyen est de une semaine, son délai maximum de 2 semaines (au delà n&rsquo;hésitez pas à renouveler votre demande de contact).</p>
<p>Il pourra vous donner des renseignements concernant le département du Rhône, et plus généralement la région Rhône-Alpes. Il répond aussi au niveau national (y compris DOM-TOM) et aux habitants des pays francophones.</p>
<p>Son site internet personnel :  /</p>
<p>Son association Médiagora de ratachement : <a href="http://mediagoras.fr/lyon/">Médiagora Lyon</a></p>
<p>Son adresse de courriel : mediagoras (à) free.fr (rétablir l&rsquo;adresse avant usage)</p>
<p>Son téléphone   <span style="font-size: small">(à réserver aux urgences ou aux relances): 06 31 61 60 18 de 13h à 20h ts les jours (sauf les samedi)</span></p>
<p>Comme tous les autres correspondants locaux du Réseau Médiagora, Alain n&rsquo;est pas un professionnel de santé, mais un pair-aidant bénévole souffrant ou ayant souffert de troubles anxieux. L&rsquo;aide qu&rsquo;il pourra vous apporter est de l&rsquo;ordre du vécu, éventuellement similaire au votre, mais pas forcément. Il pourra peut-être vous aider à trouver un thérapeute, mais ne pourra pas en tenir lieu.</p>
<p style="text-align: right"><span style="font-size: x-small">Renseignements à jour en août 2020</span></p>

<p>Ce correspondant accepte les contacts par courriel et par téléphone. Son délai de réponse moyen est de une semaine, son délai maximum de 2 semaines (au delà n&rsquo;hésitez pas à renouveler votre demande de contact). Il pourra vous donner des renseignements concernant le département du Rhône, et plus généralement la région Rhône-Alpes. Il répond aussi [&hellip;]</p>

<!-- This site is optimized with the Yoast SEO plugin v28.3 - https://yoast.com/product/yoast-seo-wordpress/ -->
<title>Correspondant de Lyon (69) - Rhône-Alpes - Médiagoras Lyon</title>
<meta name="robots" content="index, follow, max-snippet:-1, max-image-preview:large, max-video-preview:-1" />
<link rel="canonical" href="https://mediagoras.fr/exemple/nous-contacter/les-correspondants-du-reseau/correspondant-de-lyon/" />
<meta property="og:locale" content="fr_FR" />
<meta property="og:type" content="article" />
<meta property="og:title" content="Correspondant de Lyon (69) - Rhône-Alpes - Médiagoras Lyon" />
<meta property="og:description" content="Ce correspondant accepte les contacts par courriel et par téléphone. Son délai de réponse moyen est de une semaine, son délai maximum de 2 semaines (au delà n&rsquo;hésitez pas à renouveler votre demande de contact). Il pourra vous donner des renseignements concernant le département du Rhône, et plus généralement la région Rhône-Alpes. Il répond aussi [&hellip;]" />
<meta property="og:url" content="https://mediagoras.fr/exemple/nous-contacter/les-correspondants-du-reseau/correspondant-de-lyon/" />
<meta property="og:site_name" content="Médiagoras Lyon" />
<meta name="twitter:card" content="summary_large_image" />
<meta name="twitter:label1" content="Durée de lecture estimée" />
	<meta name="twitter:data1" content="1 minute" />
<script type="application/ld+json" class="yoast-schema-graph">{"@context":"https:\/\/schema.org","@graph":[{"@type":"WebPage","@id":"https:\/\/mediagoras.fr\/exemple\/nous-contacter\/les-correspondants-du-reseau\/correspondant-de-lyon\/","url":"https:\/\/mediagoras.fr\/exemple\/nous-contacter\/les-correspondants-du-reseau\/correspondant-de-lyon\/","name":"Correspondant de Lyon (69) - Rhône-Alpes - Médiagoras Lyon","isPartOf":{"@id":"https:\/\/mediagoras.fr\/exemple\/#website"},"primaryImageOfPage":{"@id":"https:\/\/mediagoras.fr\/exemple\/nous-contacter\/les-correspondants-du-reseau\/correspondant-de-lyon\/#primaryimage"},"image":{"@id":"https:\/\/mediagoras.fr\/exemple\/nous-contacter\/les-correspondants-du-reseau\/correspondant-de-lyon\/#primaryimage"},"thumbnailUrl":"http:\/\/mediagoras.fr\/wp-content\/uploads\/2012\/04\/Alain2-150x150.jpg","datePublished":"2020-08-10T22:23:35+00:00","breadcrumb":{"@id":"https:\/\/mediagoras.fr\/exemple\/nous-contacter\/les-correspondants-du-reseau\/correspondant-de-lyon\/#breadcrumb"},"inLanguage":"fr-FR","potentialAction":[{"@type":"ReadAction","target":["https:\/\/mediagoras.fr\/exemple\/nous-contacter\/les-correspondants-du-reseau\/correspondant-de-lyon\/"]}]},{"@type":"ImageObject","inLanguage":"fr-FR","@id":"https:\/\/mediagoras.fr\/exemple\/nous-contacter\/les-correspondants-du-reseau\/correspondant-de-lyon\/#primaryimage","url":"http:\/\/mediagoras.fr\/wp-content\/uploads\/2012\/04\/Alain2-150x150.jpg","contentUrl":"http:\/\/mediagoras.fr\/wp-content\/uploads\/2012\/04\/Alain2-150x150.jpg"},{"@type":"BreadcrumbList","@id":"https:\/\/mediagoras.fr\/exemple\/nous-contacter\/les-correspondants-du-reseau\/correspondant-de-lyon\/#breadcrumb","itemListElement":[{"@type":"ListItem","position":1,"name":"Accueil","item":"https:\/\/mediagoras.fr\/exemple\/"},{"@type":"ListItem","position":2,"name":"Correspondant de Lyon (69) &#8211; Rhône-Alpes"}]},{"@type":"WebSite","@id":"https:\/\/mediagoras.fr\/exemple\/#website","url":"https:\/\/mediagoras.fr\/exemple\/","name":"Médiagoras Lyon","description":"Un site utilisant Réseau Mediagora","potentialAction":[{"@type":"SearchAction","target":{"@type":"EntryPoint","urlTemplate":"https:\/\/mediagoras.fr\/exemple\/?s={search_term_string}"},"query-input":{"@type":"PropertyValueSpecification","valueRequired":true,"valueName":"search_term_string"}}],"inLanguage":"fr-FR"}]}</script>
<!-- / Yoast SEO plugin. -->

Correspondant de Lyon (69) - Rhône-Alpes - Médiagoras Lyon

Ce correspondant accepte les contacts par courriel et par téléphone. Son délai de réponse moyen est de une semaine, son délai maximum de 2 semaines (au delà n&rsquo;hésitez pas à renouveler votre demande de contact). Il pourra vous donner des renseignements concernant le département du Rhône, et plus généralement la région Rhône-Alpes. Il répond aussi [&hellip;]

Médiagoras Lyon

Un site utilisant Réseau Mediagora
