{"id":244,"date":"2014-04-20T00:46:49","date_gmt":"2014-04-19T22:46:49","guid":{"rendered":"http:\/\/mediagoras.fr\/?page_id=244"},"modified":"2014-04-20T00:46:49","modified_gmt":"2014-04-19T22:46:49","slug":"correspondant-deloc","status":"publish","type":"page","link":"https:\/\/mediagoras.fr\/exemple\/nous-contacter\/les-correspondants-du-reseau\/correspondant-deloc\/","title":{"rendered":"Correspondant d\u00e9localis\u00e9 &#8211; Rh\u00f4ne-Alpes"},"content":{"rendered":"<p>Laura r\u00e9pond aussi bien pour les habitants de Rh\u00f4ne-Alpes qu&rsquo;au niveau national (y compris DOM-TOM) et aux habitants des nations francophones.<\/p>\n<p>Son site internet personnel :\u00a0 \/<\/p>\n<p>Son association M\u00e9diagora de ratachement : \/<\/p>\n<p>Son adresse de courriel :\u00a0\u00a0lauramediagoras(\u00e0)gmail.com\u00a0 <span style=\"font-size: small\">(r\u00e9tablir l&rsquo;adresse avant usage)<\/span> <br \/>D\u00e9lai moyen\u00a0 : 2 j \u00a0 D\u00e9lai max : 2 j<\/p>\n<p>Son t\u00e9l\u00e9phone :\u00a0\u00a0 06 63 59 41 45 <br \/><span style=\"font-size: small\">\u00a0\u00a0 jours et heures possibles : \u00e0 partir de 19h lundi, mercredi et\u00a0 jeudi, et samedi journ\u00e9e<\/span><\/p>\n<p>Comme tous les autres correspondants du R\u00e9seau M\u00e9diagora, Laura n&rsquo;est pas une professionnelle de sant\u00e9, mais une b\u00e9n\u00e9vole souffrant ou ayant souffert de troubles anxieux: <br \/>\u00ab\u00a0Bonjour, <br \/>Je souhaite partager mon exp\u00e9rience d&rsquo;agoraphobie, de crises de panique avec les personnes qui le souhaitent afin\u00a0 d&rsquo;apporter un soutien, une \u00e9coute, une aide.\u00a0\u00bb<\/p>\n<p style=\"text-align: right\"><span style=\"font-size: x-small\">Renseignements \u00e0 jour en avril 2014<\/span><\/p>\n","protected":false},"excerpt":{"rendered":"<p>Laura r\u00e9pond aussi bien pour les habitants de Rh\u00f4ne-Alpes qu&rsquo;au niveau national (y compris DOM-TOM) et aux habitants des nations francophones. Son site internet personnel :\u00a0 \/ Son association M\u00e9diagora de ratachement : \/ Son adresse de courriel :\u00a0\u00a0lauramediagoras(\u00e0)gmail.com\u00a0 (r\u00e9tablir l&rsquo;adresse avant usage) D\u00e9lai moyen\u00a0 : 2 j \u00a0 D\u00e9lai max : 2 j Son [&hellip;]<\/p>\n","protected":false},"author":38,"featured_media":0,"parent":276,"menu_order":0,"comment_status":"closed","ping_status":"closed","template":"onecolumn-page.php","meta":{"_et_pb_use_builder":"","_et_pb_old_content":"","_et_gb_content_width":"","footnotes":""},"class_list":["post-244","page","type-page","status-publish","hentry"],"yoast_head":"<!-- This site is optimized with the Yoast SEO plugin v28.3 - https:\/\/yoast.com\/product\/yoast-seo-wordpress\/ -->\n<title>Correspondant d\u00e9localis\u00e9 - Rh\u00f4ne-Alpes - M\u00e9diagoras Lyon<\/title>\n<meta name=\"robots\" content=\"index, follow, max-snippet:-1, max-image-preview:large, max-video-preview:-1\" \/>\n<link rel=\"canonical\" href=\"https:\/\/mediagoras.fr\/exemple\/nous-contacter\/les-correspondants-du-reseau\/correspondant-deloc\/\" \/>\n<meta property=\"og:locale\" content=\"fr_FR\" \/>\n<meta property=\"og:type\" content=\"article\" \/>\n<meta property=\"og:title\" content=\"Correspondant d\u00e9localis\u00e9 - Rh\u00f4ne-Alpes - M\u00e9diagoras Lyon\" \/>\n<meta property=\"og:description\" content=\"Laura r\u00e9pond aussi bien pour les habitants de Rh\u00f4ne-Alpes qu&rsquo;au niveau national (y compris DOM-TOM) et aux habitants des nations francophones. Son site internet personnel :\u00a0 \/ Son association M\u00e9diagora de ratachement : \/ Son adresse de courriel :\u00a0\u00a0lauramediagoras(\u00e0)gmail.com\u00a0 (r\u00e9tablir l&rsquo;adresse avant usage) D\u00e9lai moyen\u00a0 : 2 j \u00a0 D\u00e9lai max : 2 j Son [&hellip;]\" \/>\n<meta property=\"og:url\" content=\"https:\/\/mediagoras.fr\/exemple\/nous-contacter\/les-correspondants-du-reseau\/correspondant-deloc\/\" \/>\n<meta property=\"og:site_name\" content=\"M\u00e9diagoras Lyon\" \/>\n<meta name=\"twitter:card\" content=\"summary_large_image\" \/>\n<meta name=\"twitter:label1\" content=\"Dur\u00e9e de lecture estim\u00e9e\" \/>\n\t<meta name=\"twitter:data1\" content=\"1 minute\" \/>\n<script type=\"application\/ld+json\" class=\"yoast-schema-graph\">{\"@context\":\"https:\\\/\\\/schema.org\",\"@graph\":[{\"@type\":\"WebPage\",\"@id\":\"https:\\\/\\\/mediagoras.fr\\\/exemple\\\/nous-contacter\\\/les-correspondants-du-reseau\\\/correspondant-deloc\\\/\",\"url\":\"https:\\\/\\\/mediagoras.fr\\\/exemple\\\/nous-contacter\\\/les-correspondants-du-reseau\\\/correspondant-deloc\\\/\",\"name\":\"Correspondant d\u00e9localis\u00e9 - Rh\u00f4ne-Alpes - M\u00e9diagoras Lyon\",\"isPartOf\":{\"@id\":\"https:\\\/\\\/mediagoras.fr\\\/exemple\\\/#website\"},\"datePublished\":\"2014-04-19T22:46:49+00:00\",\"breadcrumb\":{\"@id\":\"https:\\\/\\\/mediagoras.fr\\\/exemple\\\/nous-contacter\\\/les-correspondants-du-reseau\\\/correspondant-deloc\\\/#breadcrumb\"},\"inLanguage\":\"fr-FR\",\"potentialAction\":[{\"@type\":\"ReadAction\",\"target\":[\"https:\\\/\\\/mediagoras.fr\\\/exemple\\\/nous-contacter\\\/les-correspondants-du-reseau\\\/correspondant-deloc\\\/\"]}]},{\"@type\":\"BreadcrumbList\",\"@id\":\"https:\\\/\\\/mediagoras.fr\\\/exemple\\\/nous-contacter\\\/les-correspondants-du-reseau\\\/correspondant-deloc\\\/#breadcrumb\",\"itemListElement\":[{\"@type\":\"ListItem\",\"position\":1,\"name\":\"Accueil\",\"item\":\"https:\\\/\\\/mediagoras.fr\\\/exemple\\\/\"},{\"@type\":\"ListItem\",\"position\":2,\"name\":\"Correspondant d\u00e9localis\u00e9 &#8211; Rh\u00f4ne-Alpes\"}]},{\"@type\":\"WebSite\",\"@id\":\"https:\\\/\\\/mediagoras.fr\\\/exemple\\\/#website\",\"url\":\"https:\\\/\\\/mediagoras.fr\\\/exemple\\\/\",\"name\":\"M\u00e9diagoras Lyon\",\"description\":\"Un site utilisant R\u00e9seau Mediagora\",\"potentialAction\":[{\"@type\":\"SearchAction\",\"target\":{\"@type\":\"EntryPoint\",\"urlTemplate\":\"https:\\\/\\\/mediagoras.fr\\\/exemple\\\/?s={search_term_string}\"},\"query-input\":{\"@type\":\"PropertyValueSpecification\",\"valueRequired\":true,\"valueName\":\"search_term_string\"}}],\"inLanguage\":\"fr-FR\"}]}<\/script>\n<!-- \/ Yoast SEO plugin. -->","yoast_head_json":{"title":"Correspondant d\u00e9localis\u00e9 - Rh\u00f4ne-Alpes - M\u00e9diagoras Lyon","robots":{"index":"index","follow":"follow","max-snippet":"max-snippet:-1","max-image-preview":"max-image-preview:large","max-video-preview":"max-video-preview:-1"},"canonical":"https:\/\/mediagoras.fr\/exemple\/nous-contacter\/les-correspondants-du-reseau\/correspondant-deloc\/","og_locale":"fr_FR","og_type":"article","og_title":"Correspondant d\u00e9localis\u00e9 - Rh\u00f4ne-Alpes - M\u00e9diagoras Lyon","og_description":"Laura r\u00e9pond aussi bien pour les habitants de Rh\u00f4ne-Alpes qu&rsquo;au niveau national (y compris DOM-TOM) et aux habitants des nations francophones. Son site internet personnel :\u00a0 \/ Son association M\u00e9diagora de ratachement : \/ Son adresse de courriel :\u00a0\u00a0lauramediagoras(\u00e0)gmail.com\u00a0 (r\u00e9tablir l&rsquo;adresse avant usage) D\u00e9lai moyen\u00a0 : 2 j \u00a0 D\u00e9lai max : 2 j Son [&hellip;]","og_url":"https:\/\/mediagoras.fr\/exemple\/nous-contacter\/les-correspondants-du-reseau\/correspondant-deloc\/","og_site_name":"M\u00e9diagoras Lyon","twitter_card":"summary_large_image","twitter_misc":{"Dur\u00e9e de lecture estim\u00e9e":"1 minute"},"schema":{"@context":"https:\/\/schema.org","@graph":[{"@type":"WebPage","@id":"https:\/\/mediagoras.fr\/exemple\/nous-contacter\/les-correspondants-du-reseau\/correspondant-deloc\/","url":"https:\/\/mediagoras.fr\/exemple\/nous-contacter\/les-correspondants-du-reseau\/correspondant-deloc\/","name":"Correspondant d\u00e9localis\u00e9 - Rh\u00f4ne-Alpes - M\u00e9diagoras Lyon","isPartOf":{"@id":"https:\/\/mediagoras.fr\/exemple\/#website"},"datePublished":"2014-04-19T22:46:49+00:00","breadcrumb":{"@id":"https:\/\/mediagoras.fr\/exemple\/nous-contacter\/les-correspondants-du-reseau\/correspondant-deloc\/#breadcrumb"},"inLanguage":"fr-FR","potentialAction":[{"@type":"ReadAction","target":["https:\/\/mediagoras.fr\/exemple\/nous-contacter\/les-correspondants-du-reseau\/correspondant-deloc\/"]}]},{"@type":"BreadcrumbList","@id":"https:\/\/mediagoras.fr\/exemple\/nous-contacter\/les-correspondants-du-reseau\/correspondant-deloc\/#breadcrumb","itemListElement":[{"@type":"ListItem","position":1,"name":"Accueil","item":"https:\/\/mediagoras.fr\/exemple\/"},{"@type":"ListItem","position":2,"name":"Correspondant d\u00e9localis\u00e9 &#8211; Rh\u00f4ne-Alpes"}]},{"@type":"WebSite","@id":"https:\/\/mediagoras.fr\/exemple\/#website","url":"https:\/\/mediagoras.fr\/exemple\/","name":"M\u00e9diagoras Lyon","description":"Un site utilisant R\u00e9seau Mediagora","potentialAction":[{"@type":"SearchAction","target":{"@type":"EntryPoint","urlTemplate":"https:\/\/mediagoras.fr\/exemple\/?s={search_term_string}"},"query-input":{"@type":"PropertyValueSpecification","valueRequired":true,"valueName":"search_term_string"}}],"inLanguage":"fr-FR"}]}},"_links":{"self":[{"href":"https:\/\/mediagoras.fr\/exemple\/wp-json\/wp\/v2\/pages\/244","targetHints":{"allow":["GET"]}}],"collection":[{"href":"https:\/\/mediagoras.fr\/exemple\/wp-json\/wp\/v2\/pages"}],"about":[{"href":"https:\/\/mediagoras.fr\/exemple\/wp-json\/wp\/v2\/types\/page"}],"author":[{"embeddable":true,"href":"https:\/\/mediagoras.fr\/exemple\/wp-json\/wp\/v2\/users\/38"}],"replies":[{"embeddable":true,"href":"https:\/\/mediagoras.fr\/exemple\/wp-json\/wp\/v2\/comments?post=244"}],"version-history":[{"count":0,"href":"https:\/\/mediagoras.fr\/exemple\/wp-json\/wp\/v2\/pages\/244\/revisions"}],"up":[{"embeddable":true,"href":"https:\/\/mediagoras.fr\/exemple\/wp-json\/wp\/v2\/pages\/276"}],"wp:attachment":[{"href":"https:\/\/mediagoras.fr\/exemple\/wp-json\/wp\/v2\/media?parent=244"}],"curies":[{"name":"wp","href":"https:\/\/api.w.org\/{rel}","templated":true}]}}

Correspondant délocalisé &#8211; Rhône-Alpes

<p>Laura répond aussi bien pour les habitants de Rhône-Alpes qu&rsquo;au niveau national (y compris DOM-TOM) et aux habitants des nations francophones.</p>
<p>Son site internet personnel :  /</p>
<p>Son association Médiagora de ratachement : /</p>
<p>Son adresse de courriel :  lauramediagoras(à)gmail.com  <span style="font-size: small">(rétablir l&rsquo;adresse avant usage)</span> <br />Délai moyen  : 2 j   Délai max : 2 j</p>
<p>Son téléphone :   06 63 59 41 45 <br /><span style="font-size: small">   jours et heures possibles : à partir de 19h lundi, mercredi et  jeudi, et samedi journée</span></p>
<p>Comme tous les autres correspondants du Réseau Médiagora, Laura n&rsquo;est pas une professionnelle de santé, mais une bénévole souffrant ou ayant souffert de troubles anxieux: <br />« Bonjour, <br />Je souhaite partager mon expérience d&rsquo;agoraphobie, de crises de panique avec les personnes qui le souhaitent afin  d&rsquo;apporter un soutien, une écoute, une aide. »</p>
<p style="text-align: right"><span style="font-size: x-small">Renseignements à jour en avril 2014</span></p>

<p>Laura répond aussi bien pour les habitants de Rhône-Alpes qu&rsquo;au niveau national (y compris DOM-TOM) et aux habitants des nations francophones. Son site internet personnel :  / Son association Médiagora de ratachement : / Son adresse de courriel :  lauramediagoras(à)gmail.com  (rétablir l&rsquo;adresse avant usage) Délai moyen  : 2 j   Délai max : 2 j Son [&hellip;]</p>

<!-- This site is optimized with the Yoast SEO plugin v28.3 - https://yoast.com/product/yoast-seo-wordpress/ -->
<title>Correspondant délocalisé - Rhône-Alpes - Médiagoras Lyon</title>
<meta name="robots" content="index, follow, max-snippet:-1, max-image-preview:large, max-video-preview:-1" />
<link rel="canonical" href="https://mediagoras.fr/exemple/nous-contacter/les-correspondants-du-reseau/correspondant-deloc/" />
<meta property="og:locale" content="fr_FR" />
<meta property="og:type" content="article" />
<meta property="og:title" content="Correspondant délocalisé - Rhône-Alpes - Médiagoras Lyon" />
<meta property="og:description" content="Laura répond aussi bien pour les habitants de Rhône-Alpes qu&rsquo;au niveau national (y compris DOM-TOM) et aux habitants des nations francophones. Son site internet personnel :  / Son association Médiagora de ratachement : / Son adresse de courriel :  lauramediagoras(à)gmail.com  (rétablir l&rsquo;adresse avant usage) Délai moyen  : 2 j   Délai max : 2 j Son [&hellip;]" />
<meta property="og:url" content="https://mediagoras.fr/exemple/nous-contacter/les-correspondants-du-reseau/correspondant-deloc/" />
<meta property="og:site_name" content="Médiagoras Lyon" />
<meta name="twitter:card" content="summary_large_image" />
<meta name="twitter:label1" content="Durée de lecture estimée" />
	<meta name="twitter:data1" content="1 minute" />
<script type="application/ld+json" class="yoast-schema-graph">{"@context":"https:\/\/schema.org","@graph":[{"@type":"WebPage","@id":"https:\/\/mediagoras.fr\/exemple\/nous-contacter\/les-correspondants-du-reseau\/correspondant-deloc\/","url":"https:\/\/mediagoras.fr\/exemple\/nous-contacter\/les-correspondants-du-reseau\/correspondant-deloc\/","name":"Correspondant délocalisé - Rhône-Alpes - Médiagoras Lyon","isPartOf":{"@id":"https:\/\/mediagoras.fr\/exemple\/#website"},"datePublished":"2014-04-19T22:46:49+00:00","breadcrumb":{"@id":"https:\/\/mediagoras.fr\/exemple\/nous-contacter\/les-correspondants-du-reseau\/correspondant-deloc\/#breadcrumb"},"inLanguage":"fr-FR","potentialAction":[{"@type":"ReadAction","target":["https:\/\/mediagoras.fr\/exemple\/nous-contacter\/les-correspondants-du-reseau\/correspondant-deloc\/"]}]},{"@type":"BreadcrumbList","@id":"https:\/\/mediagoras.fr\/exemple\/nous-contacter\/les-correspondants-du-reseau\/correspondant-deloc\/#breadcrumb","itemListElement":[{"@type":"ListItem","position":1,"name":"Accueil","item":"https:\/\/mediagoras.fr\/exemple\/"},{"@type":"ListItem","position":2,"name":"Correspondant délocalisé &#8211; Rhône-Alpes"}]},{"@type":"WebSite","@id":"https:\/\/mediagoras.fr\/exemple\/#website","url":"https:\/\/mediagoras.fr\/exemple\/","name":"Médiagoras Lyon","description":"Un site utilisant Réseau Mediagora","potentialAction":[{"@type":"SearchAction","target":{"@type":"EntryPoint","urlTemplate":"https:\/\/mediagoras.fr\/exemple\/?s={search_term_string}"},"query-input":{"@type":"PropertyValueSpecification","valueRequired":true,"valueName":"search_term_string"}}],"inLanguage":"fr-FR"}]}</script>
<!-- / Yoast SEO plugin. -->

Correspondant délocalisé - Rhône-Alpes - Médiagoras Lyon

Laura répond aussi bien pour les habitants de Rhône-Alpes qu&rsquo;au niveau national (y compris DOM-TOM) et aux habitants des nations francophones. Son site internet personnel :  / Son association Médiagora de ratachement : / Son adresse de courriel :  lauramediagoras(à)gmail.com  (rétablir l&rsquo;adresse avant usage) Délai moyen  : 2 j   Délai max : 2 j Son [&hellip;]

Médiagoras Lyon

Un site utilisant Réseau Mediagora
