{"id":368,"date":"2024-09-01T00:13:35","date_gmt":"2024-08-31T22:13:35","guid":{"rendered":"http:\/\/mediagoras.fr\/?page_id=368"},"modified":"2024-09-01T00:13:35","modified_gmt":"2024-08-31T22:13:35","slug":"mediagora-dans-la-haute-garonne","status":"publish","type":"page","link":"https:\/\/mediagoras.fr\/exemple\/nous-contacter\/mediagora-dans-la-haute-garonne\/","title":{"rendered":"Les anxieux dans la Haute-Garonne"},"content":{"rendered":"<p style=\"text-align: center\">L&rsquo;association M\u00e9diagora Toulouse n&rsquo;est plus active.<\/p>\n<p style=\"text-align: center\">Il existe par contre 2 associations d&rsquo;anxieux bas\u00e9e \u00e0 Toulouse, il s&rsquo;agit des associations \u00ab\u00a0Anxiet\u00e9 Entraide 31\u00a0\u00bb et \u00ab\u00a0<a href=\"http:\/\/www.revivre-france.org\" target=\"_blank\" rel=\"noopener\">Revivre-France\u00a0\u00bb<\/a>. Cette derni\u00e8re accueille potentiellement tous les anxieux francophones dans ses r\u00e9unions en visio.<\/p>\n<p style=\"text-align: right\"><span style=\"font-size: x-small\">Informations valide le 01 09 2024<\/span><\/p>\n","protected":false},"excerpt":{"rendered":"<p>L&rsquo;association M\u00e9diagora Toulouse n&rsquo;est plus active. Il existe par contre 2 associations d&rsquo;anxieux bas\u00e9e \u00e0 Toulouse, il s&rsquo;agit des associations \u00ab\u00a0Anxiet\u00e9 Entraide 31\u00a0\u00bb et \u00ab\u00a0Revivre-France\u00a0\u00bb. Cette derni\u00e8re accueille potentiellement tous les anxieux francophones dans ses r\u00e9unions en visio. Informations valide le 01 09 2024<\/p>\n","protected":false},"author":38,"featured_media":0,"parent":507,"menu_order":0,"comment_status":"closed","ping_status":"closed","template":"onecolumn-page.php","meta":{"_et_pb_use_builder":"","_et_pb_old_content":"","_et_gb_content_width":"","footnotes":""},"class_list":["post-368","page","type-page","status-publish","hentry"],"yoast_head":"<!-- This site is optimized with the Yoast SEO plugin v28.3 - https:\/\/yoast.com\/product\/yoast-seo-wordpress\/ -->\n<title>Les anxieux dans la Haute-Garonne - M\u00e9diagoras Lyon<\/title>\n<meta name=\"robots\" content=\"index, follow, max-snippet:-1, max-image-preview:large, max-video-preview:-1\" \/>\n<link rel=\"canonical\" href=\"https:\/\/mediagoras.fr\/exemple\/nous-contacter\/mediagora-dans-la-haute-garonne\/\" \/>\n<meta property=\"og:locale\" content=\"fr_FR\" \/>\n<meta property=\"og:type\" content=\"article\" \/>\n<meta property=\"og:title\" content=\"Les anxieux dans la Haute-Garonne - M\u00e9diagoras Lyon\" \/>\n<meta property=\"og:description\" content=\"L&rsquo;association M\u00e9diagora Toulouse n&rsquo;est plus active. Il existe par contre 2 associations d&rsquo;anxieux bas\u00e9e \u00e0 Toulouse, il s&rsquo;agit des associations \u00ab\u00a0Anxiet\u00e9 Entraide 31\u00a0\u00bb et \u00ab\u00a0Revivre-France\u00a0\u00bb. Cette derni\u00e8re accueille potentiellement tous les anxieux francophones dans ses r\u00e9unions en visio. Informations valide le 01 09 2024\" \/>\n<meta property=\"og:url\" content=\"https:\/\/mediagoras.fr\/exemple\/nous-contacter\/mediagora-dans-la-haute-garonne\/\" \/>\n<meta property=\"og:site_name\" content=\"M\u00e9diagoras Lyon\" \/>\n<meta name=\"twitter:card\" content=\"summary_large_image\" \/>\n<meta name=\"twitter:label1\" content=\"Dur\u00e9e de lecture estim\u00e9e\" \/>\n\t<meta name=\"twitter:data1\" content=\"1 minute\" \/>\n<script type=\"application\/ld+json\" class=\"yoast-schema-graph\">{\"@context\":\"https:\\\/\\\/schema.org\",\"@graph\":[{\"@type\":\"WebPage\",\"@id\":\"https:\\\/\\\/mediagoras.fr\\\/exemple\\\/nous-contacter\\\/mediagora-dans-la-haute-garonne\\\/\",\"url\":\"https:\\\/\\\/mediagoras.fr\\\/exemple\\\/nous-contacter\\\/mediagora-dans-la-haute-garonne\\\/\",\"name\":\"Les anxieux dans la Haute-Garonne - M\u00e9diagoras Lyon\",\"isPartOf\":{\"@id\":\"https:\\\/\\\/mediagoras.fr\\\/exemple\\\/#website\"},\"datePublished\":\"2024-08-31T22:13:35+00:00\",\"breadcrumb\":{\"@id\":\"https:\\\/\\\/mediagoras.fr\\\/exemple\\\/nous-contacter\\\/mediagora-dans-la-haute-garonne\\\/#breadcrumb\"},\"inLanguage\":\"fr-FR\",\"potentialAction\":[{\"@type\":\"ReadAction\",\"target\":[\"https:\\\/\\\/mediagoras.fr\\\/exemple\\\/nous-contacter\\\/mediagora-dans-la-haute-garonne\\\/\"]}]},{\"@type\":\"BreadcrumbList\",\"@id\":\"https:\\\/\\\/mediagoras.fr\\\/exemple\\\/nous-contacter\\\/mediagora-dans-la-haute-garonne\\\/#breadcrumb\",\"itemListElement\":[{\"@type\":\"ListItem\",\"position\":1,\"name\":\"Accueil\",\"item\":\"https:\\\/\\\/mediagoras.fr\\\/exemple\\\/\"},{\"@type\":\"ListItem\",\"position\":2,\"name\":\"Les anxieux dans la Haute-Garonne\"}]},{\"@type\":\"WebSite\",\"@id\":\"https:\\\/\\\/mediagoras.fr\\\/exemple\\\/#website\",\"url\":\"https:\\\/\\\/mediagoras.fr\\\/exemple\\\/\",\"name\":\"M\u00e9diagoras Lyon\",\"description\":\"Un site utilisant R\u00e9seau Mediagora\",\"potentialAction\":[{\"@type\":\"SearchAction\",\"target\":{\"@type\":\"EntryPoint\",\"urlTemplate\":\"https:\\\/\\\/mediagoras.fr\\\/exemple\\\/?s={search_term_string}\"},\"query-input\":{\"@type\":\"PropertyValueSpecification\",\"valueRequired\":true,\"valueName\":\"search_term_string\"}}],\"inLanguage\":\"fr-FR\"}]}<\/script>\n<!-- \/ Yoast SEO plugin. -->","yoast_head_json":{"title":"Les anxieux dans la Haute-Garonne - M\u00e9diagoras Lyon","robots":{"index":"index","follow":"follow","max-snippet":"max-snippet:-1","max-image-preview":"max-image-preview:large","max-video-preview":"max-video-preview:-1"},"canonical":"https:\/\/mediagoras.fr\/exemple\/nous-contacter\/mediagora-dans-la-haute-garonne\/","og_locale":"fr_FR","og_type":"article","og_title":"Les anxieux dans la Haute-Garonne - M\u00e9diagoras Lyon","og_description":"L&rsquo;association M\u00e9diagora Toulouse n&rsquo;est plus active. Il existe par contre 2 associations d&rsquo;anxieux bas\u00e9e \u00e0 Toulouse, il s&rsquo;agit des associations \u00ab\u00a0Anxiet\u00e9 Entraide 31\u00a0\u00bb et \u00ab\u00a0Revivre-France\u00a0\u00bb. Cette derni\u00e8re accueille potentiellement tous les anxieux francophones dans ses r\u00e9unions en visio. Informations valide le 01 09 2024","og_url":"https:\/\/mediagoras.fr\/exemple\/nous-contacter\/mediagora-dans-la-haute-garonne\/","og_site_name":"M\u00e9diagoras Lyon","twitter_card":"summary_large_image","twitter_misc":{"Dur\u00e9e de lecture estim\u00e9e":"1 minute"},"schema":{"@context":"https:\/\/schema.org","@graph":[{"@type":"WebPage","@id":"https:\/\/mediagoras.fr\/exemple\/nous-contacter\/mediagora-dans-la-haute-garonne\/","url":"https:\/\/mediagoras.fr\/exemple\/nous-contacter\/mediagora-dans-la-haute-garonne\/","name":"Les anxieux dans la Haute-Garonne - M\u00e9diagoras Lyon","isPartOf":{"@id":"https:\/\/mediagoras.fr\/exemple\/#website"},"datePublished":"2024-08-31T22:13:35+00:00","breadcrumb":{"@id":"https:\/\/mediagoras.fr\/exemple\/nous-contacter\/mediagora-dans-la-haute-garonne\/#breadcrumb"},"inLanguage":"fr-FR","potentialAction":[{"@type":"ReadAction","target":["https:\/\/mediagoras.fr\/exemple\/nous-contacter\/mediagora-dans-la-haute-garonne\/"]}]},{"@type":"BreadcrumbList","@id":"https:\/\/mediagoras.fr\/exemple\/nous-contacter\/mediagora-dans-la-haute-garonne\/#breadcrumb","itemListElement":[{"@type":"ListItem","position":1,"name":"Accueil","item":"https:\/\/mediagoras.fr\/exemple\/"},{"@type":"ListItem","position":2,"name":"Les anxieux dans la Haute-Garonne"}]},{"@type":"WebSite","@id":"https:\/\/mediagoras.fr\/exemple\/#website","url":"https:\/\/mediagoras.fr\/exemple\/","name":"M\u00e9diagoras Lyon","description":"Un site utilisant R\u00e9seau Mediagora","potentialAction":[{"@type":"SearchAction","target":{"@type":"EntryPoint","urlTemplate":"https:\/\/mediagoras.fr\/exemple\/?s={search_term_string}"},"query-input":{"@type":"PropertyValueSpecification","valueRequired":true,"valueName":"search_term_string"}}],"inLanguage":"fr-FR"}]}},"_links":{"self":[{"href":"https:\/\/mediagoras.fr\/exemple\/wp-json\/wp\/v2\/pages\/368","targetHints":{"allow":["GET"]}}],"collection":[{"href":"https:\/\/mediagoras.fr\/exemple\/wp-json\/wp\/v2\/pages"}],"about":[{"href":"https:\/\/mediagoras.fr\/exemple\/wp-json\/wp\/v2\/types\/page"}],"author":[{"embeddable":true,"href":"https:\/\/mediagoras.fr\/exemple\/wp-json\/wp\/v2\/users\/38"}],"replies":[{"embeddable":true,"href":"https:\/\/mediagoras.fr\/exemple\/wp-json\/wp\/v2\/comments?post=368"}],"version-history":[{"count":0,"href":"https:\/\/mediagoras.fr\/exemple\/wp-json\/wp\/v2\/pages\/368\/revisions"}],"up":[{"embeddable":true,"href":"https:\/\/mediagoras.fr\/exemple\/wp-json\/wp\/v2\/pages\/507"}],"wp:attachment":[{"href":"https:\/\/mediagoras.fr\/exemple\/wp-json\/wp\/v2\/media?parent=368"}],"curies":[{"name":"wp","href":"https:\/\/api.w.org\/{rel}","templated":true}]}}

<p style="text-align: center">L&rsquo;association Médiagora Toulouse n&rsquo;est plus active.</p>
<p style="text-align: center">Il existe par contre 2 associations d&rsquo;anxieux basée à Toulouse, il s&rsquo;agit des associations « Anxieté Entraide 31 » et « <a href="http://www.revivre-france.org" target="_blank" rel="noopener">Revivre-France »</a>. Cette dernière accueille potentiellement tous les anxieux francophones dans ses réunions en visio.</p>
<p style="text-align: right"><span style="font-size: x-small">Informations valide le 01 09 2024</span></p>

<p>L&rsquo;association Médiagora Toulouse n&rsquo;est plus active. Il existe par contre 2 associations d&rsquo;anxieux basée à Toulouse, il s&rsquo;agit des associations « Anxieté Entraide 31 » et « Revivre-France ». Cette dernière accueille potentiellement tous les anxieux francophones dans ses réunions en visio. Informations valide le 01 09 2024</p>

<!-- This site is optimized with the Yoast SEO plugin v28.3 - https://yoast.com/product/yoast-seo-wordpress/ -->
<title>Les anxieux dans la Haute-Garonne - Médiagoras Lyon</title>
<meta name="robots" content="index, follow, max-snippet:-1, max-image-preview:large, max-video-preview:-1" />
<link rel="canonical" href="https://mediagoras.fr/exemple/nous-contacter/mediagora-dans-la-haute-garonne/" />
<meta property="og:locale" content="fr_FR" />
<meta property="og:type" content="article" />
<meta property="og:title" content="Les anxieux dans la Haute-Garonne - Médiagoras Lyon" />
<meta property="og:description" content="L&rsquo;association Médiagora Toulouse n&rsquo;est plus active. Il existe par contre 2 associations d&rsquo;anxieux basée à Toulouse, il s&rsquo;agit des associations « Anxieté Entraide 31 » et « Revivre-France ». Cette dernière accueille potentiellement tous les anxieux francophones dans ses réunions en visio. Informations valide le 01 09 2024" />
<meta property="og:url" content="https://mediagoras.fr/exemple/nous-contacter/mediagora-dans-la-haute-garonne/" />
<meta property="og:site_name" content="Médiagoras Lyon" />
<meta name="twitter:card" content="summary_large_image" />
<meta name="twitter:label1" content="Durée de lecture estimée" />
	<meta name="twitter:data1" content="1 minute" />
<script type="application/ld+json" class="yoast-schema-graph">{"@context":"https:\/\/schema.org","@graph":[{"@type":"WebPage","@id":"https:\/\/mediagoras.fr\/exemple\/nous-contacter\/mediagora-dans-la-haute-garonne\/","url":"https:\/\/mediagoras.fr\/exemple\/nous-contacter\/mediagora-dans-la-haute-garonne\/","name":"Les anxieux dans la Haute-Garonne - Médiagoras Lyon","isPartOf":{"@id":"https:\/\/mediagoras.fr\/exemple\/#website"},"datePublished":"2024-08-31T22:13:35+00:00","breadcrumb":{"@id":"https:\/\/mediagoras.fr\/exemple\/nous-contacter\/mediagora-dans-la-haute-garonne\/#breadcrumb"},"inLanguage":"fr-FR","potentialAction":[{"@type":"ReadAction","target":["https:\/\/mediagoras.fr\/exemple\/nous-contacter\/mediagora-dans-la-haute-garonne\/"]}]},{"@type":"BreadcrumbList","@id":"https:\/\/mediagoras.fr\/exemple\/nous-contacter\/mediagora-dans-la-haute-garonne\/#breadcrumb","itemListElement":[{"@type":"ListItem","position":1,"name":"Accueil","item":"https:\/\/mediagoras.fr\/exemple\/"},{"@type":"ListItem","position":2,"name":"Les anxieux dans la Haute-Garonne"}]},{"@type":"WebSite","@id":"https:\/\/mediagoras.fr\/exemple\/#website","url":"https:\/\/mediagoras.fr\/exemple\/","name":"Médiagoras Lyon","description":"Un site utilisant Réseau Mediagora","potentialAction":[{"@type":"SearchAction","target":{"@type":"EntryPoint","urlTemplate":"https:\/\/mediagoras.fr\/exemple\/?s={search_term_string}"},"query-input":{"@type":"PropertyValueSpecification","valueRequired":true,"valueName":"search_term_string"}}],"inLanguage":"fr-FR"}]}</script>
<!-- / Yoast SEO plugin. -->

Les anxieux dans la Haute-Garonne - Médiagoras Lyon

L&rsquo;association Médiagora Toulouse n&rsquo;est plus active. Il existe par contre 2 associations d&rsquo;anxieux basée à Toulouse, il s&rsquo;agit des associations « Anxieté Entraide 31 » et « Revivre-France ». Cette dernière accueille potentiellement tous les anxieux francophones dans ses réunions en visio. Informations valide le 01 09 2024

Médiagoras Lyon

Un site utilisant Réseau Mediagora
