{"id":396,"date":"2025-06-30T11:01:18","date_gmt":"2025-06-30T09:01:18","guid":{"rendered":"http:\/\/mediagoras.fr\/?page_id=396"},"modified":"2025-06-30T11:01:18","modified_gmt":"2025-06-30T09:01:18","slug":"mediagora-a-lille","status":"publish","type":"page","link":"https:\/\/mediagoras.fr\/exemple\/nous-contacter\/formulaire-contact\/mediagora-a-lille\/","title":{"rendered":"M\u00e9diagora \u00e0 Lille"},"content":{"rendered":"<p>&nbsp;<\/p>\n<p>&nbsp;<\/p>\n<p style=\"text-align: center\">Apr\u00e8s 30 ann\u00e9es au service des anxieux, M\u00e9diagora Lille, pionni\u00e8re des associations M\u00e9diagoras a \u00e9t\u00e9 contrainte d&rsquo;arr\u00eater ses activit\u00e9s.<\/p>\n<p style=\"text-align: right\"><span style=\"font-size: x-small\"> Derni\u00e8re mise \u00e0 jour de cette page le 30 juin 2025<\/span><\/p>\n","protected":false},"excerpt":{"rendered":"<p>&nbsp; &nbsp; Apr\u00e8s 30 ann\u00e9es au service des anxieux, M\u00e9diagora Lille, pionni\u00e8re des associations M\u00e9diagoras a \u00e9t\u00e9 contrainte d&rsquo;arr\u00eater ses activit\u00e9s. Derni\u00e8re mise \u00e0 jour de cette page le 30 juin 2025<\/p>\n","protected":false},"author":38,"featured_media":0,"parent":197,"menu_order":0,"comment_status":"closed","ping_status":"closed","template":"onecolumn-page.php","meta":{"_et_pb_use_builder":"","_et_pb_old_content":"","_et_gb_content_width":"","footnotes":""},"class_list":["post-396","page","type-page","status-publish","hentry"],"yoast_head":"<!-- This site is optimized with the Yoast SEO plugin v28.3 - https:\/\/yoast.com\/product\/yoast-seo-wordpress\/ -->\n<title>M\u00e9diagora \u00e0 Lille - M\u00e9diagoras Lyon<\/title>\n<meta name=\"robots\" content=\"index, follow, max-snippet:-1, max-image-preview:large, max-video-preview:-1\" \/>\n<link rel=\"canonical\" href=\"https:\/\/mediagoras.fr\/exemple\/nous-contacter\/formulaire-contact\/mediagora-a-lille\/\" \/>\n<meta property=\"og:locale\" content=\"fr_FR\" \/>\n<meta property=\"og:type\" content=\"article\" \/>\n<meta property=\"og:title\" content=\"M\u00e9diagora \u00e0 Lille - M\u00e9diagoras Lyon\" \/>\n<meta property=\"og:description\" content=\"&nbsp; &nbsp; Apr\u00e8s 30 ann\u00e9es au service des anxieux, M\u00e9diagora Lille, pionni\u00e8re des associations M\u00e9diagoras a \u00e9t\u00e9 contrainte d&rsquo;arr\u00eater ses activit\u00e9s. Derni\u00e8re mise \u00e0 jour de cette page le 30 juin 2025\" \/>\n<meta property=\"og:url\" content=\"https:\/\/mediagoras.fr\/exemple\/nous-contacter\/formulaire-contact\/mediagora-a-lille\/\" \/>\n<meta property=\"og:site_name\" content=\"M\u00e9diagoras Lyon\" \/>\n<meta name=\"twitter:card\" content=\"summary_large_image\" \/>\n<meta name=\"twitter:label1\" content=\"Dur\u00e9e de lecture estim\u00e9e\" \/>\n\t<meta name=\"twitter:data1\" content=\"1 minute\" \/>\n<script type=\"application\/ld+json\" class=\"yoast-schema-graph\">{\"@context\":\"https:\\\/\\\/schema.org\",\"@graph\":[{\"@type\":\"WebPage\",\"@id\":\"https:\\\/\\\/mediagoras.fr\\\/exemple\\\/nous-contacter\\\/formulaire-contact\\\/mediagora-a-lille\\\/\",\"url\":\"https:\\\/\\\/mediagoras.fr\\\/exemple\\\/nous-contacter\\\/formulaire-contact\\\/mediagora-a-lille\\\/\",\"name\":\"M\u00e9diagora \u00e0 Lille - M\u00e9diagoras Lyon\",\"isPartOf\":{\"@id\":\"https:\\\/\\\/mediagoras.fr\\\/exemple\\\/#website\"},\"datePublished\":\"2025-06-30T09:01:18+00:00\",\"breadcrumb\":{\"@id\":\"https:\\\/\\\/mediagoras.fr\\\/exemple\\\/nous-contacter\\\/formulaire-contact\\\/mediagora-a-lille\\\/#breadcrumb\"},\"inLanguage\":\"fr-FR\",\"potentialAction\":[{\"@type\":\"ReadAction\",\"target\":[\"https:\\\/\\\/mediagoras.fr\\\/exemple\\\/nous-contacter\\\/formulaire-contact\\\/mediagora-a-lille\\\/\"]}]},{\"@type\":\"BreadcrumbList\",\"@id\":\"https:\\\/\\\/mediagoras.fr\\\/exemple\\\/nous-contacter\\\/formulaire-contact\\\/mediagora-a-lille\\\/#breadcrumb\",\"itemListElement\":[{\"@type\":\"ListItem\",\"position\":1,\"name\":\"Accueil\",\"item\":\"https:\\\/\\\/mediagoras.fr\\\/exemple\\\/\"},{\"@type\":\"ListItem\",\"position\":2,\"name\":\"Formulaire de contact\",\"item\":\"https:\\\/\\\/mediagoras.fr\\\/exemple\\\/nous-contacter\\\/formulaire-contact\\\/\"},{\"@type\":\"ListItem\",\"position\":3,\"name\":\"M\u00e9diagora \u00e0 Lille\"}]},{\"@type\":\"WebSite\",\"@id\":\"https:\\\/\\\/mediagoras.fr\\\/exemple\\\/#website\",\"url\":\"https:\\\/\\\/mediagoras.fr\\\/exemple\\\/\",\"name\":\"M\u00e9diagoras Lyon\",\"description\":\"Un site utilisant R\u00e9seau Mediagora\",\"potentialAction\":[{\"@type\":\"SearchAction\",\"target\":{\"@type\":\"EntryPoint\",\"urlTemplate\":\"https:\\\/\\\/mediagoras.fr\\\/exemple\\\/?s={search_term_string}\"},\"query-input\":{\"@type\":\"PropertyValueSpecification\",\"valueRequired\":true,\"valueName\":\"search_term_string\"}}],\"inLanguage\":\"fr-FR\"}]}<\/script>\n<!-- \/ Yoast SEO plugin. -->","yoast_head_json":{"title":"M\u00e9diagora \u00e0 Lille - M\u00e9diagoras Lyon","robots":{"index":"index","follow":"follow","max-snippet":"max-snippet:-1","max-image-preview":"max-image-preview:large","max-video-preview":"max-video-preview:-1"},"canonical":"https:\/\/mediagoras.fr\/exemple\/nous-contacter\/formulaire-contact\/mediagora-a-lille\/","og_locale":"fr_FR","og_type":"article","og_title":"M\u00e9diagora \u00e0 Lille - M\u00e9diagoras Lyon","og_description":"&nbsp; &nbsp; Apr\u00e8s 30 ann\u00e9es au service des anxieux, M\u00e9diagora Lille, pionni\u00e8re des associations M\u00e9diagoras a \u00e9t\u00e9 contrainte d&rsquo;arr\u00eater ses activit\u00e9s. Derni\u00e8re mise \u00e0 jour de cette page le 30 juin 2025","og_url":"https:\/\/mediagoras.fr\/exemple\/nous-contacter\/formulaire-contact\/mediagora-a-lille\/","og_site_name":"M\u00e9diagoras Lyon","twitter_card":"summary_large_image","twitter_misc":{"Dur\u00e9e de lecture estim\u00e9e":"1 minute"},"schema":{"@context":"https:\/\/schema.org","@graph":[{"@type":"WebPage","@id":"https:\/\/mediagoras.fr\/exemple\/nous-contacter\/formulaire-contact\/mediagora-a-lille\/","url":"https:\/\/mediagoras.fr\/exemple\/nous-contacter\/formulaire-contact\/mediagora-a-lille\/","name":"M\u00e9diagora \u00e0 Lille - M\u00e9diagoras Lyon","isPartOf":{"@id":"https:\/\/mediagoras.fr\/exemple\/#website"},"datePublished":"2025-06-30T09:01:18+00:00","breadcrumb":{"@id":"https:\/\/mediagoras.fr\/exemple\/nous-contacter\/formulaire-contact\/mediagora-a-lille\/#breadcrumb"},"inLanguage":"fr-FR","potentialAction":[{"@type":"ReadAction","target":["https:\/\/mediagoras.fr\/exemple\/nous-contacter\/formulaire-contact\/mediagora-a-lille\/"]}]},{"@type":"BreadcrumbList","@id":"https:\/\/mediagoras.fr\/exemple\/nous-contacter\/formulaire-contact\/mediagora-a-lille\/#breadcrumb","itemListElement":[{"@type":"ListItem","position":1,"name":"Accueil","item":"https:\/\/mediagoras.fr\/exemple\/"},{"@type":"ListItem","position":2,"name":"Formulaire de contact","item":"https:\/\/mediagoras.fr\/exemple\/nous-contacter\/formulaire-contact\/"},{"@type":"ListItem","position":3,"name":"M\u00e9diagora \u00e0 Lille"}]},{"@type":"WebSite","@id":"https:\/\/mediagoras.fr\/exemple\/#website","url":"https:\/\/mediagoras.fr\/exemple\/","name":"M\u00e9diagoras Lyon","description":"Un site utilisant R\u00e9seau Mediagora","potentialAction":[{"@type":"SearchAction","target":{"@type":"EntryPoint","urlTemplate":"https:\/\/mediagoras.fr\/exemple\/?s={search_term_string}"},"query-input":{"@type":"PropertyValueSpecification","valueRequired":true,"valueName":"search_term_string"}}],"inLanguage":"fr-FR"}]}},"_links":{"self":[{"href":"https:\/\/mediagoras.fr\/exemple\/wp-json\/wp\/v2\/pages\/396","targetHints":{"allow":["GET"]}}],"collection":[{"href":"https:\/\/mediagoras.fr\/exemple\/wp-json\/wp\/v2\/pages"}],"about":[{"href":"https:\/\/mediagoras.fr\/exemple\/wp-json\/wp\/v2\/types\/page"}],"author":[{"embeddable":true,"href":"https:\/\/mediagoras.fr\/exemple\/wp-json\/wp\/v2\/users\/38"}],"replies":[{"embeddable":true,"href":"https:\/\/mediagoras.fr\/exemple\/wp-json\/wp\/v2\/comments?post=396"}],"version-history":[{"count":0,"href":"https:\/\/mediagoras.fr\/exemple\/wp-json\/wp\/v2\/pages\/396\/revisions"}],"up":[{"embeddable":true,"href":"https:\/\/mediagoras.fr\/exemple\/wp-json\/wp\/v2\/pages\/197"}],"wp:attachment":[{"href":"https:\/\/mediagoras.fr\/exemple\/wp-json\/wp\/v2\/media?parent=396"}],"curies":[{"name":"wp","href":"https:\/\/api.w.org\/{rel}","templated":true}]}}

Médiagora à Lille

<p>&nbsp;</p>
<p>&nbsp;</p>
<p style="text-align: center">Après 30 années au service des anxieux, Médiagora Lille, pionnière des associations Médiagoras a été contrainte d&rsquo;arrêter ses activités.</p>
<p style="text-align: right"><span style="font-size: x-small"> Dernière mise à jour de cette page le 30 juin 2025</span></p>

<p>&nbsp; &nbsp; Après 30 années au service des anxieux, Médiagora Lille, pionnière des associations Médiagoras a été contrainte d&rsquo;arrêter ses activités. Dernière mise à jour de cette page le 30 juin 2025</p>

<!-- This site is optimized with the Yoast SEO plugin v28.3 - https://yoast.com/product/yoast-seo-wordpress/ -->
<title>Médiagora à Lille - Médiagoras Lyon</title>
<meta name="robots" content="index, follow, max-snippet:-1, max-image-preview:large, max-video-preview:-1" />
<link rel="canonical" href="https://mediagoras.fr/exemple/nous-contacter/formulaire-contact/mediagora-a-lille/" />
<meta property="og:locale" content="fr_FR" />
<meta property="og:type" content="article" />
<meta property="og:title" content="Médiagora à Lille - Médiagoras Lyon" />
<meta property="og:description" content="&nbsp; &nbsp; Après 30 années au service des anxieux, Médiagora Lille, pionnière des associations Médiagoras a été contrainte d&rsquo;arrêter ses activités. Dernière mise à jour de cette page le 30 juin 2025" />
<meta property="og:url" content="https://mediagoras.fr/exemple/nous-contacter/formulaire-contact/mediagora-a-lille/" />
<meta property="og:site_name" content="Médiagoras Lyon" />
<meta name="twitter:card" content="summary_large_image" />
<meta name="twitter:label1" content="Durée de lecture estimée" />
	<meta name="twitter:data1" content="1 minute" />
<script type="application/ld+json" class="yoast-schema-graph">{"@context":"https:\/\/schema.org","@graph":[{"@type":"WebPage","@id":"https:\/\/mediagoras.fr\/exemple\/nous-contacter\/formulaire-contact\/mediagora-a-lille\/","url":"https:\/\/mediagoras.fr\/exemple\/nous-contacter\/formulaire-contact\/mediagora-a-lille\/","name":"Médiagora à Lille - Médiagoras Lyon","isPartOf":{"@id":"https:\/\/mediagoras.fr\/exemple\/#website"},"datePublished":"2025-06-30T09:01:18+00:00","breadcrumb":{"@id":"https:\/\/mediagoras.fr\/exemple\/nous-contacter\/formulaire-contact\/mediagora-a-lille\/#breadcrumb"},"inLanguage":"fr-FR","potentialAction":[{"@type":"ReadAction","target":["https:\/\/mediagoras.fr\/exemple\/nous-contacter\/formulaire-contact\/mediagora-a-lille\/"]}]},{"@type":"BreadcrumbList","@id":"https:\/\/mediagoras.fr\/exemple\/nous-contacter\/formulaire-contact\/mediagora-a-lille\/#breadcrumb","itemListElement":[{"@type":"ListItem","position":1,"name":"Accueil","item":"https:\/\/mediagoras.fr\/exemple\/"},{"@type":"ListItem","position":2,"name":"Formulaire de contact","item":"https:\/\/mediagoras.fr\/exemple\/nous-contacter\/formulaire-contact\/"},{"@type":"ListItem","position":3,"name":"Médiagora à Lille"}]},{"@type":"WebSite","@id":"https:\/\/mediagoras.fr\/exemple\/#website","url":"https:\/\/mediagoras.fr\/exemple\/","name":"Médiagoras Lyon","description":"Un site utilisant Réseau Mediagora","potentialAction":[{"@type":"SearchAction","target":{"@type":"EntryPoint","urlTemplate":"https:\/\/mediagoras.fr\/exemple\/?s={search_term_string}"},"query-input":{"@type":"PropertyValueSpecification","valueRequired":true,"valueName":"search_term_string"}}],"inLanguage":"fr-FR"}]}</script>
<!-- / Yoast SEO plugin. -->

Médiagora à Lille - Médiagoras Lyon

&nbsp; &nbsp; Après 30 années au service des anxieux, Médiagora Lille, pionnière des associations Médiagoras a été contrainte d&rsquo;arrêter ses activités. Dernière mise à jour de cette page le 30 juin 2025

Médiagoras Lyon

Un site utilisant Réseau Mediagora
