{"id":408,"date":"2012-08-19T11:17:47","date_gmt":"2012-08-19T09:17:47","guid":{"rendered":"http:\/\/mediagoras.fr\/?page_id=408"},"modified":"2026-08-16T18:27:27","modified_gmt":"2026-08-16T16:27:27","slug":"association-ds-pyrenees-atlantiques","status":"publish","type":"page","link":"https:\/\/mediagoras.fr\/exemple\/nous-contacter\/departement-non-desservi\/association-ds-pyrenees-atlantiques\/","title":{"rendered":"Une association dans les Pyr\u00e9n\u00e9es-Atlantiques (64)"},"content":{"rendered":"[et_pb_section admin_label=\u00a0\u00bbsection\u00a0\u00bb]\n\t\t\t[et_pb_row admin_label=\u00a0\u00bbrow\u00a0\u00bb]\n\t\t\t\t[et_pb_column type=\u00a0\u00bb4_4&Prime;][et_pb_text admin_label=\u00a0\u00bbText\u00a0\u00bb]\n<p style=\"text-align: center\">\n<p style=\"text-align: center\">Il existe une association pour les anxieux dans les Pyr\u00e9n\u00e9es-Atlantiques.<\/p>\n<p style=\"text-align: center\">Cette association poss\u00e8de un site web et se nomme \u00ab\u00a0Peur ou Phobies\u00a0\u00bb.<\/p>\n<p style=\"text-align: center\">Ne la connaissant pas encore, nous ne pouvons ni la conseiller, ni la d\u00e9conseiller. A vous de vous faire votre propre opinion (et de nous dire votre ressenti).<\/p>\n<p style=\"text-align: center\">\n<p style=\"text-align: right\"><span style=\"font-size: x-small\"> Derni\u00e8re mise \u00e0 jour de cette page le 18 ao\u00fbt 2012<\/span><\/p>\n[\/et_pb_text][\/et_pb_column]\n\t\t\t[\/et_pb_row]\n\t\t[\/et_pb_section]\n","protected":false},"excerpt":{"rendered":"<p>Il existe une association pour les anxieux dans les Pyr\u00e9n\u00e9es-Atlantiques. Cette association poss\u00e8de un site web et se nomme \u00ab\u00a0Peur ou Phobies\u00a0\u00bb. Ne la connaissant pas encore, nous ne pouvons ni la conseiller, ni la d\u00e9conseiller. A vous de vous faire votre propre opinion (et de nous dire votre ressenti). Derni\u00e8re mise \u00e0 jour de [&hellip;]<\/p>\n","protected":false},"author":38,"featured_media":0,"parent":340,"menu_order":0,"comment_status":"open","ping_status":"closed","template":"","meta":{"_et_pb_use_builder":"on","_et_pb_old_content":"<p style=\"text-align: center\">\n<p style=\"text-align: center\">Il existe une association pour les anxieux dans les Pyr\u00e9n\u00e9es-Atlantiques.<\/p>\n<p style=\"text-align: center\">Cette association poss\u00e8de un site web et se nomme \"Peur ou Phobies\".<\/p>\n<p style=\"text-align: center\">Ne la connaissant pas encore, nous ne pouvons ni la conseiller, ni la d\u00e9conseiller. A vous de vous faire votre propre opinion (et de nous dire votre ressenti).<\/p>\n<p style=\"text-align: center\">\n<p style=\"text-align: right\"><span style=\"font-size: x-small\"> Derni\u00e8re mise \u00e0 jour de cette page le 18 ao\u00fbt 2012<\/span><\/p>\n","_et_gb_content_width":"","footnotes":""},"class_list":["post-408","page","type-page","status-publish","hentry"],"yoast_head":"<!-- This site is optimized with the Yoast SEO plugin v28.3 - https:\/\/yoast.com\/product\/yoast-seo-wordpress\/ -->\n<title>Une association dans les Pyr\u00e9n\u00e9es-Atlantiques (64) - M\u00e9diagoras Lyon<\/title>\n<meta name=\"robots\" content=\"noindex, nofollow\" \/>\n<meta property=\"og:locale\" content=\"fr_FR\" \/>\n<meta property=\"og:type\" content=\"article\" \/>\n<meta property=\"og:title\" content=\"Une association dans les Pyr\u00e9n\u00e9es-Atlantiques (64) - M\u00e9diagoras Lyon\" \/>\n<meta property=\"og:description\" content=\"Il existe une association pour les anxieux dans les Pyr\u00e9n\u00e9es-Atlantiques. Cette association poss\u00e8de un site web et se nomme &quot;Peur ou Phobies&quot;. Ne la connaissant pas encore, nous ne pouvons ni la conseiller, ni la d\u00e9conseiller. A vous de vous faire votre propre opinion (et de nous dire votre ressenti). Derni\u00e8re mise \u00e0 jour de [&hellip;]\" \/>\n<meta property=\"og:url\" content=\"https:\/\/mediagoras.fr\/exemple\/nous-contacter\/departement-non-desservi\/association-ds-pyrenees-atlantiques\/\" \/>\n<meta property=\"og:site_name\" content=\"M\u00e9diagoras Lyon\" \/>\n<meta property=\"article:modified_time\" content=\"2026-08-16T16:27:27+00:00\" \/>\n<meta name=\"twitter:card\" content=\"summary_large_image\" \/>\n<script type=\"application\/ld+json\" class=\"yoast-schema-graph\">{\"@context\":\"https:\\\/\\\/schema.org\",\"@graph\":[{\"@type\":\"WebPage\",\"@id\":\"https:\\\/\\\/mediagoras.fr\\\/exemple\\\/nous-contacter\\\/departement-non-desservi\\\/association-ds-pyrenees-atlantiques\\\/\",\"url\":\"https:\\\/\\\/mediagoras.fr\\\/exemple\\\/nous-contacter\\\/departement-non-desservi\\\/association-ds-pyrenees-atlantiques\\\/\",\"name\":\"Une association dans les Pyr\u00e9n\u00e9es-Atlantiques (64) - M\u00e9diagoras Lyon\",\"isPartOf\":{\"@id\":\"https:\\\/\\\/mediagoras.fr\\\/exemple\\\/#website\"},\"datePublished\":\"2012-08-19T09:17:47+00:00\",\"dateModified\":\"2026-08-16T16:27:27+00:00\",\"breadcrumb\":{\"@id\":\"https:\\\/\\\/mediagoras.fr\\\/exemple\\\/nous-contacter\\\/departement-non-desservi\\\/association-ds-pyrenees-atlantiques\\\/#breadcrumb\"},\"inLanguage\":\"fr-FR\",\"potentialAction\":[{\"@type\":\"ReadAction\",\"target\":[\"https:\\\/\\\/mediagoras.fr\\\/exemple\\\/nous-contacter\\\/departement-non-desservi\\\/association-ds-pyrenees-atlantiques\\\/\"]}]},{\"@type\":\"BreadcrumbList\",\"@id\":\"https:\\\/\\\/mediagoras.fr\\\/exemple\\\/nous-contacter\\\/departement-non-desservi\\\/association-ds-pyrenees-atlantiques\\\/#breadcrumb\",\"itemListElement\":[{\"@type\":\"ListItem\",\"position\":1,\"name\":\"Accueil\",\"item\":\"https:\\\/\\\/mediagoras.fr\\\/exemple\\\/\"},{\"@type\":\"ListItem\",\"position\":2,\"name\":\"Nous contacter\",\"item\":\"https:\\\/\\\/mediagoras.fr\\\/exemple\\\/nous-contacter\\\/\"},{\"@type\":\"ListItem\",\"position\":3,\"name\":\"D\u00e9partement non desservi\",\"item\":\"https:\\\/\\\/mediagoras.fr\\\/exemple\\\/?page_id=340\"},{\"@type\":\"ListItem\",\"position\":4,\"name\":\"Une association dans les Pyr\u00e9n\u00e9es-Atlantiques (64)\"}]},{\"@type\":\"WebSite\",\"@id\":\"https:\\\/\\\/mediagoras.fr\\\/exemple\\\/#website\",\"url\":\"https:\\\/\\\/mediagoras.fr\\\/exemple\\\/\",\"name\":\"M\u00e9diagoras Lyon\",\"description\":\"Un site utilisant R\u00e9seau Mediagora\",\"potentialAction\":[{\"@type\":\"SearchAction\",\"target\":{\"@type\":\"EntryPoint\",\"urlTemplate\":\"https:\\\/\\\/mediagoras.fr\\\/exemple\\\/?s={search_term_string}\"},\"query-input\":{\"@type\":\"PropertyValueSpecification\",\"valueRequired\":true,\"valueName\":\"search_term_string\"}}],\"inLanguage\":\"fr-FR\"}]}<\/script>\n<!-- \/ Yoast SEO plugin. -->","yoast_head_json":{"title":"Une association dans les Pyr\u00e9n\u00e9es-Atlantiques (64) - M\u00e9diagoras Lyon","robots":{"index":"noindex","follow":"nofollow"},"og_locale":"fr_FR","og_type":"article","og_title":"Une association dans les Pyr\u00e9n\u00e9es-Atlantiques (64) - M\u00e9diagoras Lyon","og_description":"Il existe une association pour les anxieux dans les Pyr\u00e9n\u00e9es-Atlantiques. Cette association poss\u00e8de un site web et se nomme \"Peur ou Phobies\". Ne la connaissant pas encore, nous ne pouvons ni la conseiller, ni la d\u00e9conseiller. A vous de vous faire votre propre opinion (et de nous dire votre ressenti). Derni\u00e8re mise \u00e0 jour de [&hellip;]","og_url":"https:\/\/mediagoras.fr\/exemple\/nous-contacter\/departement-non-desservi\/association-ds-pyrenees-atlantiques\/","og_site_name":"M\u00e9diagoras Lyon","article_modified_time":"2026-08-16T16:27:27+00:00","twitter_card":"summary_large_image","schema":{"@context":"https:\/\/schema.org","@graph":[{"@type":"WebPage","@id":"https:\/\/mediagoras.fr\/exemple\/nous-contacter\/departement-non-desservi\/association-ds-pyrenees-atlantiques\/","url":"https:\/\/mediagoras.fr\/exemple\/nous-contacter\/departement-non-desservi\/association-ds-pyrenees-atlantiques\/","name":"Une association dans les Pyr\u00e9n\u00e9es-Atlantiques (64) - M\u00e9diagoras Lyon","isPartOf":{"@id":"https:\/\/mediagoras.fr\/exemple\/#website"},"datePublished":"2012-08-19T09:17:47+00:00","dateModified":"2026-08-16T16:27:27+00:00","breadcrumb":{"@id":"https:\/\/mediagoras.fr\/exemple\/nous-contacter\/departement-non-desservi\/association-ds-pyrenees-atlantiques\/#breadcrumb"},"inLanguage":"fr-FR","potentialAction":[{"@type":"ReadAction","target":["https:\/\/mediagoras.fr\/exemple\/nous-contacter\/departement-non-desservi\/association-ds-pyrenees-atlantiques\/"]}]},{"@type":"BreadcrumbList","@id":"https:\/\/mediagoras.fr\/exemple\/nous-contacter\/departement-non-desservi\/association-ds-pyrenees-atlantiques\/#breadcrumb","itemListElement":[{"@type":"ListItem","position":1,"name":"Accueil","item":"https:\/\/mediagoras.fr\/exemple\/"},{"@type":"ListItem","position":2,"name":"Nous contacter","item":"https:\/\/mediagoras.fr\/exemple\/nous-contacter\/"},{"@type":"ListItem","position":3,"name":"D\u00e9partement non desservi","item":"https:\/\/mediagoras.fr\/exemple\/?page_id=340"},{"@type":"ListItem","position":4,"name":"Une association dans les Pyr\u00e9n\u00e9es-Atlantiques (64)"}]},{"@type":"WebSite","@id":"https:\/\/mediagoras.fr\/exemple\/#website","url":"https:\/\/mediagoras.fr\/exemple\/","name":"M\u00e9diagoras Lyon","description":"Un site utilisant R\u00e9seau Mediagora","potentialAction":[{"@type":"SearchAction","target":{"@type":"EntryPoint","urlTemplate":"https:\/\/mediagoras.fr\/exemple\/?s={search_term_string}"},"query-input":{"@type":"PropertyValueSpecification","valueRequired":true,"valueName":"search_term_string"}}],"inLanguage":"fr-FR"}]}},"_links":{"self":[{"href":"https:\/\/mediagoras.fr\/exemple\/wp-json\/wp\/v2\/pages\/408","targetHints":{"allow":["GET"]}}],"collection":[{"href":"https:\/\/mediagoras.fr\/exemple\/wp-json\/wp\/v2\/pages"}],"about":[{"href":"https:\/\/mediagoras.fr\/exemple\/wp-json\/wp\/v2\/types\/page"}],"author":[{"embeddable":true,"href":"https:\/\/mediagoras.fr\/exemple\/wp-json\/wp\/v2\/users\/38"}],"replies":[{"embeddable":true,"href":"https:\/\/mediagoras.fr\/exemple\/wp-json\/wp\/v2\/comments?post=408"}],"version-history":[{"count":1,"href":"https:\/\/mediagoras.fr\/exemple\/wp-json\/wp\/v2\/pages\/408\/revisions"}],"predecessor-version":[{"id":3899,"href":"https:\/\/mediagoras.fr\/exemple\/wp-json\/wp\/v2\/pages\/408\/revisions\/3899"}],"up":[{"embeddable":true,"href":"https:\/\/mediagoras.fr\/exemple\/wp-json\/wp\/v2\/pages\/340"}],"wp:attachment":[{"href":"https:\/\/mediagoras.fr\/exemple\/wp-json\/wp\/v2\/media?parent=408"}],"curies":[{"name":"wp","href":"https:\/\/api.w.org\/{rel}","templated":true}]}}

Une association dans les Pyrénées-Atlantiques (64)

[et_pb_section admin_label= »section »]
			[et_pb_row admin_label= »row »]
				[et_pb_column type= »4_4&Prime;][et_pb_text admin_label= »Text »]
<p style="text-align: center">
<p style="text-align: center">Il existe une association pour les anxieux dans les Pyrénées-Atlantiques.</p>
<p style="text-align: center">Cette association possède un site web et se nomme « Peur ou Phobies ».</p>
<p style="text-align: center">Ne la connaissant pas encore, nous ne pouvons ni la conseiller, ni la déconseiller. A vous de vous faire votre propre opinion (et de nous dire votre ressenti).</p>
<p style="text-align: center">
<p style="text-align: right"><span style="font-size: x-small"> Dernière mise à jour de cette page le 18 août 2012</span></p>
[/et_pb_text][/et_pb_column]
			[/et_pb_row]
		[/et_pb_section]

<p>Il existe une association pour les anxieux dans les Pyrénées-Atlantiques. Cette association possède un site web et se nomme « Peur ou Phobies ». Ne la connaissant pas encore, nous ne pouvons ni la conseiller, ni la déconseiller. A vous de vous faire votre propre opinion (et de nous dire votre ressenti). Dernière mise à jour de [&hellip;]</p>

<p style="text-align: center">
<p style="text-align: center">Il existe une association pour les anxieux dans les Pyrénées-Atlantiques.</p>
<p style="text-align: center">Cette association possède un site web et se nomme "Peur ou Phobies".</p>
<p style="text-align: center">Ne la connaissant pas encore, nous ne pouvons ni la conseiller, ni la déconseiller. A vous de vous faire votre propre opinion (et de nous dire votre ressenti).</p>
<p style="text-align: center">
<p style="text-align: right"><span style="font-size: x-small"> Dernière mise à jour de cette page le 18 août 2012</span></p>

<!-- This site is optimized with the Yoast SEO plugin v28.3 - https://yoast.com/product/yoast-seo-wordpress/ -->
<title>Une association dans les Pyrénées-Atlantiques (64) - Médiagoras Lyon</title>
<meta name="robots" content="noindex, nofollow" />
<meta property="og:locale" content="fr_FR" />
<meta property="og:type" content="article" />
<meta property="og:title" content="Une association dans les Pyrénées-Atlantiques (64) - Médiagoras Lyon" />
<meta property="og:description" content="Il existe une association pour les anxieux dans les Pyrénées-Atlantiques. Cette association possède un site web et se nomme &quot;Peur ou Phobies&quot;. Ne la connaissant pas encore, nous ne pouvons ni la conseiller, ni la déconseiller. A vous de vous faire votre propre opinion (et de nous dire votre ressenti). Dernière mise à jour de [&hellip;]" />
<meta property="og:url" content="https://mediagoras.fr/exemple/nous-contacter/departement-non-desservi/association-ds-pyrenees-atlantiques/" />
<meta property="og:site_name" content="Médiagoras Lyon" />
<meta property="article:modified_time" content="2026-08-16T16:27:27+00:00" />
<meta name="twitter:card" content="summary_large_image" />
<script type="application/ld+json" class="yoast-schema-graph">{"@context":"https:\/\/schema.org","@graph":[{"@type":"WebPage","@id":"https:\/\/mediagoras.fr\/exemple\/nous-contacter\/departement-non-desservi\/association-ds-pyrenees-atlantiques\/","url":"https:\/\/mediagoras.fr\/exemple\/nous-contacter\/departement-non-desservi\/association-ds-pyrenees-atlantiques\/","name":"Une association dans les Pyrénées-Atlantiques (64) - Médiagoras Lyon","isPartOf":{"@id":"https:\/\/mediagoras.fr\/exemple\/#website"},"datePublished":"2012-08-19T09:17:47+00:00","dateModified":"2026-08-16T16:27:27+00:00","breadcrumb":{"@id":"https:\/\/mediagoras.fr\/exemple\/nous-contacter\/departement-non-desservi\/association-ds-pyrenees-atlantiques\/#breadcrumb"},"inLanguage":"fr-FR","potentialAction":[{"@type":"ReadAction","target":["https:\/\/mediagoras.fr\/exemple\/nous-contacter\/departement-non-desservi\/association-ds-pyrenees-atlantiques\/"]}]},{"@type":"BreadcrumbList","@id":"https:\/\/mediagoras.fr\/exemple\/nous-contacter\/departement-non-desservi\/association-ds-pyrenees-atlantiques\/#breadcrumb","itemListElement":[{"@type":"ListItem","position":1,"name":"Accueil","item":"https:\/\/mediagoras.fr\/exemple\/"},{"@type":"ListItem","position":2,"name":"Nous contacter","item":"https:\/\/mediagoras.fr\/exemple\/nous-contacter\/"},{"@type":"ListItem","position":3,"name":"Département non desservi","item":"https:\/\/mediagoras.fr\/exemple\/?page_id=340"},{"@type":"ListItem","position":4,"name":"Une association dans les Pyrénées-Atlantiques (64)"}]},{"@type":"WebSite","@id":"https:\/\/mediagoras.fr\/exemple\/#website","url":"https:\/\/mediagoras.fr\/exemple\/","name":"Médiagoras Lyon","description":"Un site utilisant Réseau Mediagora","potentialAction":[{"@type":"SearchAction","target":{"@type":"EntryPoint","urlTemplate":"https:\/\/mediagoras.fr\/exemple\/?s={search_term_string}"},"query-input":{"@type":"PropertyValueSpecification","valueRequired":true,"valueName":"search_term_string"}}],"inLanguage":"fr-FR"}]}</script>
<!-- / Yoast SEO plugin. -->

Une association dans les Pyrénées-Atlantiques (64) - Médiagoras Lyon

Il existe une association pour les anxieux dans les Pyrénées-Atlantiques. Cette association possède un site web et se nomme "Peur ou Phobies". Ne la connaissant pas encore, nous ne pouvons ni la conseiller, ni la déconseiller. A vous de vous faire votre propre opinion (et de nous dire votre ressenti). Dernière mise à jour de [&hellip;]

Médiagoras Lyon

Département non desservi

Un site utilisant Réseau Mediagora
