{"id":1175,"date":"2013-11-01T01:28:14","date_gmt":"2013-11-01T00:28:14","guid":{"rendered":"http:\/\/mediagoras.fr\/lyon\/?page_id=1175"},"modified":"2016-09-13T17:41:19","modified_gmt":"2016-09-13T15:41:19","slug":"les-lieux","status":"publish","type":"page","link":"https:\/\/mediagoras.fr\/lyon\/reunions-hebdomadaires\/les-lieux\/","title":{"rendered":"Lieux de nos r\u00e9unions"},"content":{"rendered":"<p style=\"text-align: right;\"><span style=\"font-size: x-small;\">Derni\u00e8re mise \u00e0 jour de cette page le 1-11-13<\/span><\/p>\n<p>La plupart de nos r\u00e9unions ont lieu \u00e0 Oullins, dans la salle basse de la Maison des Soci\u00e9t\u00e9s (<span style=\"background-color: #ffff00;\">acc\u00e8s de 2 rues diff\u00e9rentes selon que l&rsquo;on arrive en TCL ou en voiture<\/span>).<\/p>\n<p>Vous trouverez toutes les indications n\u00e9cessaires (et suffisantes) dans nos pages\u00a0 <a title=\"Plans d\u2019acc\u00e8s\" href=\"https:\/\/mediagoras.fr\/lyon\/plans-dacces\/\">\u00ab\u00a0Plan d&rsquo;acc\u00e8s\u00a0\u00bb<\/a>\u00a0 et\u00a0 <a title=\"La Salle\" href=\"https:\/\/mediagoras.fr\/lyon\/le-lieu\/\">\u00ab\u00a0La Salle\u00a0\u00bb<\/a><\/p>\n<p>Nous vous conseillons <strong>fortement<\/strong> de lire attentivement (et si possible <em>imprimer<\/em>) ces 2 pages explicatives. La plupart de ceux qui se perdent en route n&rsquo;ont pas pris la peine d&rsquo;\u00e9tudier ces pages <em>(et programmer h\u00e2tivement votre GPS sur l&rsquo;adresse postale ne vous permettra pas de vous y garer !)<\/em><\/p>\n<p>Enfin, le 3eme sous-menu (<a title=\"Lieu alternatif\" href=\"https:\/\/mediagoras.fr\/lyon\/lieu-alternatif\/\">lieu alternatif<\/a>) pr\u00e9sente et explique le chemin d&rsquo;acc\u00e8s d&rsquo;une autre salle qu&rsquo;il nous arrive d&rsquo;utiliser exceptionnellement.<\/p>\n<p style=\"text-align: center;\"><em>Lorsqu&rsquo;aucun lieu n&rsquo;est sp\u00e9cifi\u00e9 sur notre agenda, cela signifie que la r\u00e9union a lieu dans notre local habituel d&rsquo;Oullins.<\/em><\/p>\n","protected":false},"excerpt":{"rendered":"<p>Derni\u00e8re mise \u00e0 jour de cette page le 1-11-13 La plupart de nos r\u00e9unions ont lieu \u00e0 Oullins, dans la salle basse de la Maison des Soci\u00e9t\u00e9s (acc\u00e8s de 2 rues diff\u00e9rentes selon que l&rsquo;on arrive en TCL ou en &hellip; <a href=\"https:\/\/mediagoras.fr\/lyon\/reunions-hebdomadaires\/les-lieux\/\">Continuer la lecture <span class=\"meta-nav\">&rarr;<\/span><\/a><\/p>\n","protected":false},"author":1,"featured_media":0,"parent":1184,"menu_order":0,"comment_status":"closed","ping_status":"closed","template":"templates\/page-leftsidebar_template.php","meta":{"footnotes":""},"class_list":["post-1175","page","type-page","status-publish","hentry"],"yoast_head":"<!-- This site is optimized with the Yoast SEO plugin v27.4 - https:\/\/yoast.com\/product\/yoast-seo-wordpress\/ -->\n<title>Lieux de nos r\u00e9unions - M\u00e9diagora Lyon<\/title>\n<meta name=\"robots\" content=\"index, follow, max-snippet:-1, max-image-preview:large, max-video-preview:-1\" \/>\n<link rel=\"canonical\" href=\"https:\/\/mediagoras.fr\/lyon\/reunions-hebdomadaires\/les-lieux\/\" \/>\n<meta property=\"og:locale\" content=\"fr_FR\" \/>\n<meta property=\"og:type\" content=\"article\" \/>\n<meta property=\"og:title\" content=\"Lieux de nos r\u00e9unions - M\u00e9diagora Lyon\" \/>\n<meta property=\"og:description\" content=\"Derni\u00e8re mise \u00e0 jour de cette page le 1-11-13 La plupart de nos r\u00e9unions ont lieu \u00e0 Oullins, dans la salle basse de la Maison des Soci\u00e9t\u00e9s (acc\u00e8s de 2 rues diff\u00e9rentes selon que l&rsquo;on arrive en TCL ou en &hellip; Continuer la lecture &rarr;\" \/>\n<meta property=\"og:url\" content=\"https:\/\/mediagoras.fr\/lyon\/reunions-hebdomadaires\/les-lieux\/\" \/>\n<meta property=\"og:site_name\" content=\"M\u00e9diagora Lyon\" \/>\n<meta property=\"article:modified_time\" content=\"2016-09-13T15:41:19+00:00\" \/>\n<meta name=\"twitter:card\" content=\"summary_large_image\" \/>\n<meta name=\"twitter:label1\" content=\"Dur\u00e9e de lecture estim\u00e9e\" \/>\n\t<meta name=\"twitter:data1\" content=\"1 minute\" \/>\n<script type=\"application\/ld+json\" class=\"yoast-schema-graph\">{\"@context\":\"https:\\\/\\\/schema.org\",\"@graph\":[{\"@type\":\"WebPage\",\"@id\":\"https:\\\/\\\/mediagoras.fr\\\/lyon\\\/reunions-hebdomadaires\\\/les-lieux\\\/\",\"url\":\"https:\\\/\\\/mediagoras.fr\\\/lyon\\\/reunions-hebdomadaires\\\/les-lieux\\\/\",\"name\":\"Lieux de nos r\u00e9unions - M\u00e9diagora Lyon\",\"isPartOf\":{\"@id\":\"https:\\\/\\\/mediagoras.fr\\\/lyon\\\/#website\"},\"datePublished\":\"2013-11-01T00:28:14+00:00\",\"dateModified\":\"2016-09-13T15:41:19+00:00\",\"breadcrumb\":{\"@id\":\"https:\\\/\\\/mediagoras.fr\\\/lyon\\\/reunions-hebdomadaires\\\/les-lieux\\\/#breadcrumb\"},\"inLanguage\":\"fr-FR\",\"potentialAction\":[{\"@type\":\"ReadAction\",\"target\":[\"https:\\\/\\\/mediagoras.fr\\\/lyon\\\/reunions-hebdomadaires\\\/les-lieux\\\/\"]}]},{\"@type\":\"BreadcrumbList\",\"@id\":\"https:\\\/\\\/mediagoras.fr\\\/lyon\\\/reunions-hebdomadaires\\\/les-lieux\\\/#breadcrumb\",\"itemListElement\":[{\"@type\":\"ListItem\",\"position\":1,\"name\":\"Accueil\",\"item\":\"https:\\\/\\\/mediagoras.fr\\\/lyon\\\/\"},{\"@type\":\"ListItem\",\"position\":2,\"name\":\"Les r\u00e9unions de M\u00e9diagora Lyon\",\"item\":\"https:\\\/\\\/mediagoras.fr\\\/lyon\\\/reunions-hebdomadaires\\\/\"},{\"@type\":\"ListItem\",\"position\":3,\"name\":\"Lieux de nos r\u00e9unions\"}]},{\"@type\":\"WebSite\",\"@id\":\"https:\\\/\\\/mediagoras.fr\\\/lyon\\\/#website\",\"url\":\"https:\\\/\\\/mediagoras.fr\\\/lyon\\\/\",\"name\":\"M\u00e9diagora Lyon\",\"description\":\"Il n&#039;est jamais trop tard pour prendre contact\",\"potentialAction\":[{\"@type\":\"SearchAction\",\"target\":{\"@type\":\"EntryPoint\",\"urlTemplate\":\"https:\\\/\\\/mediagoras.fr\\\/lyon\\\/?s={search_term_string}\"},\"query-input\":{\"@type\":\"PropertyValueSpecification\",\"valueRequired\":true,\"valueName\":\"search_term_string\"}}],\"inLanguage\":\"fr-FR\"}]}<\/script>\n<!-- \/ Yoast SEO plugin. -->","yoast_head_json":{"title":"Lieux de nos r\u00e9unions - M\u00e9diagora Lyon","robots":{"index":"index","follow":"follow","max-snippet":"max-snippet:-1","max-image-preview":"max-image-preview:large","max-video-preview":"max-video-preview:-1"},"canonical":"https:\/\/mediagoras.fr\/lyon\/reunions-hebdomadaires\/les-lieux\/","og_locale":"fr_FR","og_type":"article","og_title":"Lieux de nos r\u00e9unions - M\u00e9diagora Lyon","og_description":"Derni\u00e8re mise \u00e0 jour de cette page le 1-11-13 La plupart de nos r\u00e9unions ont lieu \u00e0 Oullins, dans la salle basse de la Maison des Soci\u00e9t\u00e9s (acc\u00e8s de 2 rues diff\u00e9rentes selon que l&rsquo;on arrive en TCL ou en &hellip; Continuer la lecture &rarr;","og_url":"https:\/\/mediagoras.fr\/lyon\/reunions-hebdomadaires\/les-lieux\/","og_site_name":"M\u00e9diagora Lyon","article_modified_time":"2016-09-13T15:41:19+00:00","twitter_card":"summary_large_image","twitter_misc":{"Dur\u00e9e de lecture estim\u00e9e":"1 minute"},"schema":{"@context":"https:\/\/schema.org","@graph":[{"@type":"WebPage","@id":"https:\/\/mediagoras.fr\/lyon\/reunions-hebdomadaires\/les-lieux\/","url":"https:\/\/mediagoras.fr\/lyon\/reunions-hebdomadaires\/les-lieux\/","name":"Lieux de nos r\u00e9unions - M\u00e9diagora Lyon","isPartOf":{"@id":"https:\/\/mediagoras.fr\/lyon\/#website"},"datePublished":"2013-11-01T00:28:14+00:00","dateModified":"2016-09-13T15:41:19+00:00","breadcrumb":{"@id":"https:\/\/mediagoras.fr\/lyon\/reunions-hebdomadaires\/les-lieux\/#breadcrumb"},"inLanguage":"fr-FR","potentialAction":[{"@type":"ReadAction","target":["https:\/\/mediagoras.fr\/lyon\/reunions-hebdomadaires\/les-lieux\/"]}]},{"@type":"BreadcrumbList","@id":"https:\/\/mediagoras.fr\/lyon\/reunions-hebdomadaires\/les-lieux\/#breadcrumb","itemListElement":[{"@type":"ListItem","position":1,"name":"Accueil","item":"https:\/\/mediagoras.fr\/lyon\/"},{"@type":"ListItem","position":2,"name":"Les r\u00e9unions de M\u00e9diagora Lyon","item":"https:\/\/mediagoras.fr\/lyon\/reunions-hebdomadaires\/"},{"@type":"ListItem","position":3,"name":"Lieux de nos r\u00e9unions"}]},{"@type":"WebSite","@id":"https:\/\/mediagoras.fr\/lyon\/#website","url":"https:\/\/mediagoras.fr\/lyon\/","name":"M\u00e9diagora Lyon","description":"Il n&#039;est jamais trop tard pour prendre contact","potentialAction":[{"@type":"SearchAction","target":{"@type":"EntryPoint","urlTemplate":"https:\/\/mediagoras.fr\/lyon\/?s={search_term_string}"},"query-input":{"@type":"PropertyValueSpecification","valueRequired":true,"valueName":"search_term_string"}}],"inLanguage":"fr-FR"}]}},"_links":{"self":[{"href":"https:\/\/mediagoras.fr\/lyon\/wp-json\/wp\/v2\/pages\/1175","targetHints":{"allow":["GET"]}}],"collection":[{"href":"https:\/\/mediagoras.fr\/lyon\/wp-json\/wp\/v2\/pages"}],"about":[{"href":"https:\/\/mediagoras.fr\/lyon\/wp-json\/wp\/v2\/types\/page"}],"author":[{"embeddable":true,"href":"https:\/\/mediagoras.fr\/lyon\/wp-json\/wp\/v2\/users\/1"}],"replies":[{"embeddable":true,"href":"https:\/\/mediagoras.fr\/lyon\/wp-json\/wp\/v2\/comments?post=1175"}],"version-history":[{"count":8,"href":"https:\/\/mediagoras.fr\/lyon\/wp-json\/wp\/v2\/pages\/1175\/revisions"}],"predecessor-version":[{"id":1938,"href":"https:\/\/mediagoras.fr\/lyon\/wp-json\/wp\/v2\/pages\/1175\/revisions\/1938"}],"up":[{"embeddable":true,"href":"https:\/\/mediagoras.fr\/lyon\/wp-json\/wp\/v2\/pages\/1184"}],"wp:attachment":[{"href":"https:\/\/mediagoras.fr\/lyon\/wp-json\/wp\/v2\/media?parent=1175"}],"curies":[{"name":"wp","href":"https:\/\/api.w.org\/{rel}","templated":true}]}}