{"id":202,"date":"2023-11-28T00:00:53","date_gmt":"2023-11-27T23:00:53","guid":{"rendered":"http:\/\/mediagora.lyon.free.fr\/nouv-site\/?page_id=202"},"modified":"2023-11-28T19:24:08","modified_gmt":"2023-11-28T18:24:08","slug":"le-lieu","status":"publish","type":"page","link":"https:\/\/mediagoras.fr\/lyon\/reunions-hebdomadaires\/le-lieu\/","title":{"rendered":"La Salle"},"content":{"rendered":"<h5 style=\"text-align: right;\">Derni\u00e8re mise \u00e0 jour de cette page le 28-11-2023<\/h5>\n<h3 style=\"text-align: left;\"><span style=\"color: #000000;\">Depuis janvier 2012 nos r\u00e9unions habituelles sont h\u00e9berg\u00e9es dans un local de la Maison des Soci\u00e9t\u00e9s d&rsquo;Oullins, <strong>situ\u00e9e dans un passage pi\u00e9tonier dans le prolongement de la rue Rousseau <\/strong>(au niveau du 37 rue Raspail)<br \/>\n<\/span><\/h3>\n<h2 style=\"text-align: center;\"><span style=\"font-size: x-large;\"><span style=\"color: #008000;\">*** Si vous ne connaissez pas tr\u00e8s bien Oullins, commencez donc par<\/span> <a title=\"Plans d\u2019acc\u00e8s\" href=\"https:\/\/mediagoras.fr\/lyon\/plans-dacces\/\">le plan d&rsquo;acc\u00e8s<\/a> <span style=\"color: #339966;\">***<\/span><\/span><\/h2>\n<p><span style=\"color: #000000;\">Selon que vous arrivez \u00e0 pieds par la Mairie (bus ou m\u00e9tro), ou par la rue Diderot, vous arrivez par deux chemins oppos\u00e9s.<\/span><\/p>\n<h2><strong><span style=\"font-size: large;\">A) Arriv\u00e9e \u00e0 pieds par la Mairie<br \/>\n<\/span><\/strong><\/h2>\n<p><a href=\"https:\/\/mediagoras.fr\/lyon\/files\/2011\/12\/Arret-Oullins-Mairie-cpr.jpg\"><img loading=\"lazy\" decoding=\"async\" class=\"aligncenter size-large wp-image-704\" src=\"https:\/\/mediagoras.fr\/lyon\/files\/2011\/12\/Arret-Oullins-Mairie-cpr-1024x768.jpg\" alt=\"\" width=\"640\" height=\"480\" srcset=\"https:\/\/mediagoras.fr\/lyon\/files\/2011\/12\/Arret-Oullins-Mairie-cpr-1024x768.jpg 1024w, https:\/\/mediagoras.fr\/lyon\/files\/2011\/12\/Arret-Oullins-Mairie-cpr-300x225.jpg 300w, https:\/\/mediagoras.fr\/lyon\/files\/2011\/12\/Arret-Oullins-Mairie-cpr.jpg 1280w\" sizes=\"auto, (max-width: 640px) 100vw, 640px\" \/><\/a><span style=\"color: #000000;\">Ceci est l&rsquo;arr\u00eat \u00ab\u00a0Mairie d&rsquo;Oullins\u00a0\u00bb (arr\u00eat du retour vers Lyon, l&rsquo;arr\u00eat venant de Lyon est un peu plus \u00e9loign\u00e9 de la Mairie _ que l&rsquo;on entrevoit sur la gauche).<\/span><\/p>\n<p><span style=\"color: #000000;\">Pour rejoindre notre salle, il suffit de prendre la rue Rousseau (1ere \u00e0 gauche en venant de l&rsquo;arr\u00eat de bus ou du m\u00e9tro) sur environ 80m. La fin de cette rue coupe\u00a0 la rue Raspail (au niveau de l&rsquo;entr\u00e9e principale de la Maison des Soci\u00e9t\u00e9s).<\/span><\/p>\n<p><a href=\"https:\/\/mediagoras.fr\/lyon\/files\/2011\/12\/Maison-des-soci%C3%A9t%C3%A9s-cpr.jpg\"><img loading=\"lazy\" decoding=\"async\" class=\"aligncenter size-large wp-image-705\" src=\"https:\/\/mediagoras.fr\/lyon\/files\/2011\/12\/Maison-des-soci%C3%A9t%C3%A9s-cpr-1024x768.jpg\" alt=\"\" width=\"640\" height=\"480\" \/><\/a><strong>La Maison des Soci\u00e9t\u00e9s au 37 de la rue Raspail.<\/strong><span style=\"color: #000000;\"> On n&rsquo;entre pas par cette porte car notre salle est au fond \u00e0 gauche du passage pi\u00e9tonnier (cf le paragraphe C).<\/span><\/p>\n<p>&nbsp;<\/p>\n<p>&nbsp;<\/p>\n<p><strong><span style=\"font-size: large;\">\u00a0B) Arriv\u00e9e par la rue Diderot<\/span><\/strong><\/p>\n<p><a href=\"https:\/\/mediagoras.fr\/lyon\/files\/2011\/12\/Arret-C7-cpr.jpg\"><img loading=\"lazy\" decoding=\"async\" class=\"aligncenter size-large wp-image-707\" src=\"https:\/\/mediagoras.fr\/lyon\/files\/2011\/12\/Arret-C7-cpr-768x1024.jpg\" alt=\"\" width=\"640\" height=\"853\" srcset=\"https:\/\/mediagoras.fr\/lyon\/files\/2011\/12\/Arret-C7-cpr-768x1024.jpg 768w, https:\/\/mediagoras.fr\/lyon\/files\/2011\/12\/Arret-C7-cpr-225x300.jpg 225w, https:\/\/mediagoras.fr\/lyon\/files\/2011\/12\/Arret-C7-cpr.jpg 960w\" sizes=\"auto, (max-width: 640px) 100vw, 640px\" \/><\/a><span style=\"color: #000000;\">Comme vous pouvez le constater, c&rsquo;est tr\u00e8s bien indiqu\u00e9 (panneaux de droite). L&rsquo;arr\u00eat du C7 est celui du retour (dir. Part-Dieu via Jean-Mac\u00e9).<\/span><\/p>\n<p>&nbsp;<\/p>\n<p><strong><span style=\"font-size: large;\">\u00a0C) La salle<\/span><\/strong><\/p>\n<p><a href=\"https:\/\/mediagoras.fr\/lyon\/files\/2011\/12\/Salle-depuis-parking-cpr.jpg\"><img loading=\"lazy\" decoding=\"async\" class=\"aligncenter size-large wp-image-708\" src=\"https:\/\/mediagoras.fr\/lyon\/files\/2011\/12\/Salle-depuis-parking-cpr-1024x768.jpg\" alt=\"\" width=\"640\" height=\"480\" srcset=\"https:\/\/mediagoras.fr\/lyon\/files\/2011\/12\/Salle-depuis-parking-cpr-1024x768.jpg 1024w, https:\/\/mediagoras.fr\/lyon\/files\/2011\/12\/Salle-depuis-parking-cpr-300x225.jpg 300w, https:\/\/mediagoras.fr\/lyon\/files\/2011\/12\/Salle-depuis-parking-cpr.jpg 1280w\" sizes=\"auto, (max-width: 640px) 100vw, 640px\" \/><\/a><span style=\"color: #000000;\">Apr\u00e8s avoir effectu\u00e9 les quelques m\u00e8tres depuis la rue Raspail, ou bien apr\u00e8s avoir gar\u00e9 votre v\u00e9hicule au del\u00e0 du parking, vous arrivez tout de suite sur la salle qui comme vous pouvez le constater donne directement sur l&rsquo;ext\u00e9rieur.<\/span><\/p>\n<p>&nbsp;<\/p>\n<p style=\"text-align: center;\"><a href=\"https:\/\/mediagoras.fr\/lyon\/files\/2011\/12\/int%C3%A9rieur-salle-cpr.jpg\"><img loading=\"lazy\" decoding=\"async\" class=\"aligncenter size-large wp-image-709\" src=\"https:\/\/mediagoras.fr\/lyon\/files\/2011\/12\/int%C3%A9rieur-salle-cpr-1024x768.jpg\" alt=\"\" width=\"640\" height=\"480\" \/><\/a><span style=\"color: #000000;\">Et vous voil\u00e0 arriv\u00e9 !<\/span><\/p>\n<p style=\"text-align: center;\"><span style=\"background-color: #ffffff; color: #000000;\">Depuis les derniers travaux, cette salle est bien chauff\u00e9e. Par contre, en saison chaude, elle n&rsquo;est pas climatis\u00e9e. Pour les activit\u00e9s telles que le Yoga ou la Sophrologie, nous disposons d&rsquo;une autre salle, contigue \u00e0 celle-ci.<br \/>\n<\/span><\/p>\n","protected":false},"excerpt":{"rendered":"<p>Derni\u00e8re mise \u00e0 jour de cette page le 28-11-2023 Depuis janvier 2012 nos r\u00e9unions habituelles sont h\u00e9berg\u00e9es dans un local de la Maison des Soci\u00e9t\u00e9s d&rsquo;Oullins, situ\u00e9e dans un passage pi\u00e9tonier dans le prolongement de la rue Rousseau (au niveau &hellip; <a href=\"https:\/\/mediagoras.fr\/lyon\/reunions-hebdomadaires\/le-lieu\/\">Continuer la lecture <span class=\"meta-nav\">&rarr;<\/span><\/a><\/p>\n","protected":false},"author":13,"featured_media":0,"parent":1184,"menu_order":0,"comment_status":"closed","ping_status":"closed","template":"","meta":{"footnotes":""},"class_list":["post-202","page","type-page","status-publish","hentry"],"yoast_head":"<!-- This site is optimized with the Yoast SEO plugin v27.4 - https:\/\/yoast.com\/product\/yoast-seo-wordpress\/ -->\n<title>La Salle - M\u00e9diagora Lyon<\/title>\n<meta name=\"robots\" content=\"index, follow, max-snippet:-1, max-image-preview:large, max-video-preview:-1\" \/>\n<link rel=\"canonical\" href=\"https:\/\/mediagoras.fr\/lyon\/reunions-hebdomadaires\/le-lieu\/\" \/>\n<meta property=\"og:locale\" content=\"fr_FR\" \/>\n<meta property=\"og:type\" content=\"article\" \/>\n<meta property=\"og:title\" content=\"La Salle - M\u00e9diagora Lyon\" \/>\n<meta property=\"og:description\" content=\"Derni\u00e8re mise \u00e0 jour de cette page le 28-11-2023 Depuis janvier 2012 nos r\u00e9unions habituelles sont h\u00e9berg\u00e9es dans un local de la Maison des Soci\u00e9t\u00e9s d&rsquo;Oullins, situ\u00e9e dans un passage pi\u00e9tonier dans le prolongement de la rue Rousseau (au niveau &hellip; Continuer la lecture &rarr;\" \/>\n<meta property=\"og:url\" content=\"https:\/\/mediagoras.fr\/lyon\/reunions-hebdomadaires\/le-lieu\/\" \/>\n<meta property=\"og:site_name\" content=\"M\u00e9diagora Lyon\" \/>\n<meta property=\"article:modified_time\" content=\"2023-11-28T18:24:08+00:00\" \/>\n<meta property=\"og:image\" content=\"http:\/\/mediagoras.fr\/lyon\/files\/2011\/12\/Arret-Oullins-Mairie-cpr-1024x768.jpg\" \/>\n<meta name=\"twitter:card\" content=\"summary_large_image\" \/>\n<meta name=\"twitter:label1\" content=\"Dur\u00e9e de lecture estim\u00e9e\" \/>\n\t<meta name=\"twitter:data1\" content=\"3 minutes\" \/>\n<script type=\"application\/ld+json\" class=\"yoast-schema-graph\">{\"@context\":\"https:\\\/\\\/schema.org\",\"@graph\":[{\"@type\":\"WebPage\",\"@id\":\"https:\\\/\\\/mediagoras.fr\\\/lyon\\\/reunions-hebdomadaires\\\/le-lieu\\\/\",\"url\":\"https:\\\/\\\/mediagoras.fr\\\/lyon\\\/reunions-hebdomadaires\\\/le-lieu\\\/\",\"name\":\"La Salle - M\u00e9diagora Lyon\",\"isPartOf\":{\"@id\":\"https:\\\/\\\/mediagoras.fr\\\/lyon\\\/#website\"},\"primaryImageOfPage\":{\"@id\":\"https:\\\/\\\/mediagoras.fr\\\/lyon\\\/reunions-hebdomadaires\\\/le-lieu\\\/#primaryimage\"},\"image\":{\"@id\":\"https:\\\/\\\/mediagoras.fr\\\/lyon\\\/reunions-hebdomadaires\\\/le-lieu\\\/#primaryimage\"},\"thumbnailUrl\":\"http:\\\/\\\/mediagoras.fr\\\/lyon\\\/files\\\/2011\\\/12\\\/Arret-Oullins-Mairie-cpr-1024x768.jpg\",\"datePublished\":\"2023-11-27T23:00:53+00:00\",\"dateModified\":\"2023-11-28T18:24:08+00:00\",\"breadcrumb\":{\"@id\":\"https:\\\/\\\/mediagoras.fr\\\/lyon\\\/reunions-hebdomadaires\\\/le-lieu\\\/#breadcrumb\"},\"inLanguage\":\"fr-FR\",\"potentialAction\":[{\"@type\":\"ReadAction\",\"target\":[\"https:\\\/\\\/mediagoras.fr\\\/lyon\\\/reunions-hebdomadaires\\\/le-lieu\\\/\"]}]},{\"@type\":\"ImageObject\",\"inLanguage\":\"fr-FR\",\"@id\":\"https:\\\/\\\/mediagoras.fr\\\/lyon\\\/reunions-hebdomadaires\\\/le-lieu\\\/#primaryimage\",\"url\":\"http:\\\/\\\/mediagoras.fr\\\/lyon\\\/files\\\/2011\\\/12\\\/Arret-Oullins-Mairie-cpr-1024x768.jpg\",\"contentUrl\":\"http:\\\/\\\/mediagoras.fr\\\/lyon\\\/files\\\/2011\\\/12\\\/Arret-Oullins-Mairie-cpr-1024x768.jpg\"},{\"@type\":\"BreadcrumbList\",\"@id\":\"https:\\\/\\\/mediagoras.fr\\\/lyon\\\/reunions-hebdomadaires\\\/le-lieu\\\/#breadcrumb\",\"itemListElement\":[{\"@type\":\"ListItem\",\"position\":1,\"name\":\"Accueil\",\"item\":\"https:\\\/\\\/mediagoras.fr\\\/lyon\\\/\"},{\"@type\":\"ListItem\",\"position\":2,\"name\":\"Les r\u00e9unions de M\u00e9diagora Lyon\",\"item\":\"https:\\\/\\\/mediagoras.fr\\\/lyon\\\/reunions-hebdomadaires\\\/\"},{\"@type\":\"ListItem\",\"position\":3,\"name\":\"La Salle\"}]},{\"@type\":\"WebSite\",\"@id\":\"https:\\\/\\\/mediagoras.fr\\\/lyon\\\/#website\",\"url\":\"https:\\\/\\\/mediagoras.fr\\\/lyon\\\/\",\"name\":\"M\u00e9diagora Lyon\",\"description\":\"Il n&#039;est jamais trop tard pour prendre contact\",\"potentialAction\":[{\"@type\":\"SearchAction\",\"target\":{\"@type\":\"EntryPoint\",\"urlTemplate\":\"https:\\\/\\\/mediagoras.fr\\\/lyon\\\/?s={search_term_string}\"},\"query-input\":{\"@type\":\"PropertyValueSpecification\",\"valueRequired\":true,\"valueName\":\"search_term_string\"}}],\"inLanguage\":\"fr-FR\"}]}<\/script>\n<!-- \/ Yoast SEO plugin. -->","yoast_head_json":{"title":"La Salle - M\u00e9diagora Lyon","robots":{"index":"index","follow":"follow","max-snippet":"max-snippet:-1","max-image-preview":"max-image-preview:large","max-video-preview":"max-video-preview:-1"},"canonical":"https:\/\/mediagoras.fr\/lyon\/reunions-hebdomadaires\/le-lieu\/","og_locale":"fr_FR","og_type":"article","og_title":"La Salle - M\u00e9diagora Lyon","og_description":"Derni\u00e8re mise \u00e0 jour de cette page le 28-11-2023 Depuis janvier 2012 nos r\u00e9unions habituelles sont h\u00e9berg\u00e9es dans un local de la Maison des Soci\u00e9t\u00e9s d&rsquo;Oullins, situ\u00e9e dans un passage pi\u00e9tonier dans le prolongement de la rue Rousseau (au niveau &hellip; Continuer la lecture &rarr;","og_url":"https:\/\/mediagoras.fr\/lyon\/reunions-hebdomadaires\/le-lieu\/","og_site_name":"M\u00e9diagora Lyon","article_modified_time":"2023-11-28T18:24:08+00:00","og_image":[{"url":"http:\/\/mediagoras.fr\/lyon\/files\/2011\/12\/Arret-Oullins-Mairie-cpr-1024x768.jpg","type":"","width":"","height":""}],"twitter_card":"summary_large_image","twitter_misc":{"Dur\u00e9e de lecture estim\u00e9e":"3 minutes"},"schema":{"@context":"https:\/\/schema.org","@graph":[{"@type":"WebPage","@id":"https:\/\/mediagoras.fr\/lyon\/reunions-hebdomadaires\/le-lieu\/","url":"https:\/\/mediagoras.fr\/lyon\/reunions-hebdomadaires\/le-lieu\/","name":"La Salle - M\u00e9diagora Lyon","isPartOf":{"@id":"https:\/\/mediagoras.fr\/lyon\/#website"},"primaryImageOfPage":{"@id":"https:\/\/mediagoras.fr\/lyon\/reunions-hebdomadaires\/le-lieu\/#primaryimage"},"image":{"@id":"https:\/\/mediagoras.fr\/lyon\/reunions-hebdomadaires\/le-lieu\/#primaryimage"},"thumbnailUrl":"http:\/\/mediagoras.fr\/lyon\/files\/2011\/12\/Arret-Oullins-Mairie-cpr-1024x768.jpg","datePublished":"2023-11-27T23:00:53+00:00","dateModified":"2023-11-28T18:24:08+00:00","breadcrumb":{"@id":"https:\/\/mediagoras.fr\/lyon\/reunions-hebdomadaires\/le-lieu\/#breadcrumb"},"inLanguage":"fr-FR","potentialAction":[{"@type":"ReadAction","target":["https:\/\/mediagoras.fr\/lyon\/reunions-hebdomadaires\/le-lieu\/"]}]},{"@type":"ImageObject","inLanguage":"fr-FR","@id":"https:\/\/mediagoras.fr\/lyon\/reunions-hebdomadaires\/le-lieu\/#primaryimage","url":"http:\/\/mediagoras.fr\/lyon\/files\/2011\/12\/Arret-Oullins-Mairie-cpr-1024x768.jpg","contentUrl":"http:\/\/mediagoras.fr\/lyon\/files\/2011\/12\/Arret-Oullins-Mairie-cpr-1024x768.jpg"},{"@type":"BreadcrumbList","@id":"https:\/\/mediagoras.fr\/lyon\/reunions-hebdomadaires\/le-lieu\/#breadcrumb","itemListElement":[{"@type":"ListItem","position":1,"name":"Accueil","item":"https:\/\/mediagoras.fr\/lyon\/"},{"@type":"ListItem","position":2,"name":"Les r\u00e9unions de M\u00e9diagora Lyon","item":"https:\/\/mediagoras.fr\/lyon\/reunions-hebdomadaires\/"},{"@type":"ListItem","position":3,"name":"La Salle"}]},{"@type":"WebSite","@id":"https:\/\/mediagoras.fr\/lyon\/#website","url":"https:\/\/mediagoras.fr\/lyon\/","name":"M\u00e9diagora Lyon","description":"Il n&#039;est jamais trop tard pour prendre contact","potentialAction":[{"@type":"SearchAction","target":{"@type":"EntryPoint","urlTemplate":"https:\/\/mediagoras.fr\/lyon\/?s={search_term_string}"},"query-input":{"@type":"PropertyValueSpecification","valueRequired":true,"valueName":"search_term_string"}}],"inLanguage":"fr-FR"}]}},"_links":{"self":[{"href":"https:\/\/mediagoras.fr\/lyon\/wp-json\/wp\/v2\/pages\/202","targetHints":{"allow":["GET"]}}],"collection":[{"href":"https:\/\/mediagoras.fr\/lyon\/wp-json\/wp\/v2\/pages"}],"about":[{"href":"https:\/\/mediagoras.fr\/lyon\/wp-json\/wp\/v2\/types\/page"}],"author":[{"embeddable":true,"href":"https:\/\/mediagoras.fr\/lyon\/wp-json\/wp\/v2\/users\/13"}],"replies":[{"embeddable":true,"href":"https:\/\/mediagoras.fr\/lyon\/wp-json\/wp\/v2\/comments?post=202"}],"version-history":[{"count":38,"href":"https:\/\/mediagoras.fr\/lyon\/wp-json\/wp\/v2\/pages\/202\/revisions"}],"predecessor-version":[{"id":545,"href":"https:\/\/mediagoras.fr\/lyon\/wp-json\/wp\/v2\/pages\/202\/revisions\/545"}],"up":[{"embeddable":true,"href":"https:\/\/mediagoras.fr\/lyon\/wp-json\/wp\/v2\/pages\/1184"}],"wp:attachment":[{"href":"https:\/\/mediagoras.fr\/lyon\/wp-json\/wp\/v2\/media?parent=202"}],"curies":[{"name":"wp","href":"https:\/\/api.w.org\/{rel}","templated":true}]}}