{"id":268,"date":"2025-06-16T08:12:51","date_gmt":"2025-06-16T06:12:51","guid":{"rendered":"http:\/\/mediagora.lyon.free.fr\/nouv-site\/?page_id=268"},"modified":"2025-06-16T13:57:10","modified_gmt":"2025-06-16T11:57:10","slug":"reglement-interieur","status":"publish","type":"page","link":"https:\/\/mediagoras.fr\/lyon\/connaitre-mediagora\/reglement-interieur\/","title":{"rendered":"R\u00e8glement int\u00e9rieur"},"content":{"rendered":"<p class=\"western\" align=\"center\"><span style=\"font-size: large;\"><b>R\u00c8GLEMENT INT\u00c9RIEUR DE MEDIAGORA LYON<\/b><\/span><\/p>\n<p class=\"western\" align=\"center\"><em><span style=\"font-size: small;\">Le pr\u00e9sent r\u00e8glement int\u00e9rieur engage tous les membres de l\u2019association, ainsi que les invit\u00e9s et les intervenants ext\u00e9rieurs.<\/span><\/em><\/p>\n<p class=\"western\" align=\"justify\"><span style=\"font-size: small;\"><b>Article 1 : Titre de membre<\/b><\/span><\/p>\n<p class=\"western\" align=\"justify\"><span style=\"font-size: small;\">Il est acquis d\u00e8s le r\u00e8glement de la cotisation annuelle et l\u2019acquittement des formalit\u00e9s administratives d\u2019inscription (remplissage de la fiche de renseignements), sous r\u00e9serve de l\u2019acceptation tacite du C.A.<\/span><\/p>\n<p class=\"western\" align=\"justify\"><span style=\"font-size: small;\">Les membres peuvent se pr\u00e9valoir, dans toutes les circonstances de leur vie professionnelle, de leur titre de membre de l&rsquo;association. Toutefois, cette autorisation ne saurait \u00eatre interpr\u00e9t\u00e9e comme permettant \u00e0 un de ses membres d&rsquo;engager l&rsquo;association, n&rsquo;y d&rsquo;en tirer un quelconque profit personnel. En outre, par son adh\u00e9sion, tout membre reconna\u00eet avoir pris connaissance et faire sienne la philosophie de l&rsquo;association (texte joint au pr\u00e9sent r\u00e8glement).<\/span><\/p>\n<p class=\"western\" align=\"justify\"><span style=\"font-size: small;\">Chaque membre aura \u00e0 c\u0153ur de respecter les autres membres, et notamment de ne rien dire ou faire qui puisse choquer les autres. Si une discussion particuli\u00e8rement anim\u00e9e a lieu au sein du groupe, chacun s\u2019appliquera \u00e0 ignorer les provocations et \u00e0 r\u00e9pondre de mani\u00e8re \u00e0 calmer le d\u00e9bat. Il s\u2019obligera \u00e0 la plus stricte confidentialit\u00e9 concernant ce qu\u2019il aura appris des autres au cours des r\u00e9unions.<\/span><\/p>\n<p class=\"western\" align=\"justify\"><span style=\"font-size: small;\"><b>Article 2 : Cotisation annuelle<\/b><\/span><\/p>\n<p class=\"western\" align=\"justify\"><span style=\"font-size: small;\">Son montant est fix\u00e9 par l\u2019Assembl\u00e9e G\u00e9n\u00e9rale, sur proposition du Conseil d\u2019Administration.<\/span><\/p>\n<p class=\"western\" align=\"justify\"><span style=\"font-size: small;\">La cotisation est exigible d\u2019avance\u00a0pour une dur\u00e9e d\u2019une ann\u00e9e. Cette dur\u00e9e prend effet \u00e0 partir de la date d\u2019inscription du membre, sous r\u00e9serve de \u00a0l\u2019encaissement effectif du montant en vigueur. L\u2019adh\u00e9sion\u00a0est renouvelable\u00a0\u00e0 la date anniversaire de l\u2019inscription initiale. Une nouvelle cotisation sera alors \u00e0 nouveau exigible sauf si le membre a entre temps quitt\u00e9 l\u2019association ou d\u00e9cide de la quitter \u00e0 ce moment-l\u00e0.<\/span><\/p>\n<p class=\"western\" align=\"justify\"><span style=\"font-size: small;\">Aucun remboursement n\u2019aura lieu pour les membres qui apr\u00e8s avoir acquitt\u00e9 leur cotisation seraient emp\u00each\u00e9s de participer aux activit\u00e9s de l\u2019association sauf dans certains cas de force majeure, apr\u00e8s acceptation du CA.<\/span><\/p>\n<p class=\"western\"><span style=\"font-size: small;\">Le d\u00e9faut de paiement entra\u00eene la radiation (article 8 des statuts).<\/span><\/p>\n<p style=\"text-align: center;\" align=\"justify\"><span style=\"font-size: small;\"> <span style=\"font-size: medium;\"><b>Le Conseil d\u2019Administration (C.A.)<\/b><\/span><\/span><\/p>\n<p class=\"western\" align=\"justify\"><span style=\"font-size: small;\"><b>Article 3 : le Pr\u00e9sident<\/b><\/span><\/p>\n<p class=\"western\" align=\"justify\"><span style=\"font-size: small;\">Le Pr\u00e9sident est \u00e9lu par le Conseil d&rsquo;Administration.<\/span><\/p>\n<p class=\"western\" align=\"justify\"><span style=\"font-size: small;\">Les candidats \u00e0 la Pr\u00e9sidence se font conna\u00eetre au cours de la r\u00e9union du Conseil d&rsquo;Administration issu de l&rsquo;Assembl\u00e9e G\u00e9n\u00e9rale et convoqu\u00e9 dans le mois qui suit cette Assembl\u00e9e G\u00e9n\u00e9rale, par le Pr\u00e9sident sortant.<\/span><\/p>\n<p class=\"western\" align=\"justify\"><span style=\"font-size: small;\"><b>Article 4 : Vacance de la Pr\u00e9sidence<\/b><\/span><\/p>\n<p class=\"western\" align=\"justify\"><span style=\"font-size: small;\">Lors de la vacance du poste de Pr\u00e9sident, le Pr\u00e9sident sortant ou, \u00e0 d\u00e9faut, le Secr\u00e9taire, convoque les membres du Conseil d&rsquo;Administration qui doivent se r\u00e9unir dans un d\u00e9lai d&rsquo;un mois. La lettre de convocation doit parvenir 15 jours avant la tenue de la r\u00e9union.<\/span><\/p>\n<p class=\"western\" align=\"justify\"><span style=\"font-size: small;\">Les dispositions relatives \u00e0 la candidature du Pr\u00e9sident, pr\u00e9vues par l&rsquo;article pr\u00e9c\u00e9dent, sont valables, de la m\u00eame fa\u00e7on, en cas de vacances de la Pr\u00e9sidence. <\/span><\/p>\n<p class=\"western\" align=\"justify\"><span style=\"font-size: small;\"><b>Article 5 : D\u00e9l\u00e9gation de pouvoirs du Pr\u00e9sident<\/b><\/span><\/p>\n<p class=\"western\" align=\"justify\"><span style=\"font-size: small;\">Le Pr\u00e9sident peut d\u00e9l\u00e9guer \u00e0 un membre du Conseil d&rsquo;Administration, d&rsquo;une fa\u00e7on permanente ou temporaire, la partie de ses pouvoirs qu&rsquo;il juge n\u00e9cessaire, pour l&rsquo;accomplissement des missions utiles \u00e0 l&rsquo;association.<\/span><\/p>\n<p class=\"western\" align=\"justify\"><span style=\"font-size: small;\">Le Conseil d&rsquo;Administration ent\u00e9rine ce choix lors de la r\u00e9union trimestrielle (article 12 des statuts) qui suit cette d\u00e9l\u00e9gation. En cas de refus du Conseil d&rsquo;Administration, celui-ci a le pouvoir de d\u00e9signer un nouveau Pr\u00e9sident.<\/span><\/p>\n<p class=\"western\" align=\"justify\"><span style=\"font-size: small;\"><b>Article 6 : Anciens Pr\u00e9sidents<\/b><\/span><\/p>\n<p class=\"western\" align=\"justify\"><span style=\"font-size: small;\">Les anciens Pr\u00e9sidents sont nomm\u00e9s Pr\u00e9sidents d&rsquo;Honneur, sauf en cas d&rsquo;exclusion.<\/span><\/p>\n<p class=\"western\" align=\"justify\"><span style=\"font-size: small;\"><b>Article 7 : Le Tr\u00e9sorier<\/b><\/span><\/p>\n<p class=\"western\" align=\"justify\"><span style=\"font-size: small;\">Le Tr\u00e9sorier fait le recouvrement des sommes dues \u00e0 l&rsquo;association et signe toutes les quittances. Il est responsable, devant les membres du Conseil d&rsquo;Administration, de la gestion financi\u00e8re de l&rsquo;association.<\/span><\/p>\n<p class=\"western\" align=\"justify\"><span style=\"font-size: small;\">Les fonds sont plac\u00e9s en compte courant du nom de l&rsquo;association, dans une banque d\u00e9sign\u00e9e par le Bureau et ne peuvent \u00eatre retir\u00e9s que sur signature du Pr\u00e9sident ou du Tr\u00e9sorier.<\/span><\/p>\n<p class=\"western\" align=\"justify\"><span style=\"font-size: small;\">Le Tr\u00e9sorier pr\u00e9sente, en d\u00e9but d&rsquo;exercice, un projet de budget au Bureau qui le vote \u00e0 main lev\u00e9e apr\u00e8s d\u00e9lib\u00e9ration. Le Tr\u00e9sorier ex\u00e9cute toutes les op\u00e9rations dans le cadre de ce budget <span style=\"font-family: Courier, monospace;\">apr\u00e8s sa validation par l\u2019AG<\/span>. Il rend compte \u00e0 chaque r\u00e9union de Bureau de la r\u00e9alisation, recettes et d\u00e9penses par rapport \u00e0 ce budget. Ces comptes rendus figurent au proc\u00e8s verbal des r\u00e9unions de Bureau.<\/span><\/p>\n<p class=\"western\" align=\"justify\"><span style=\"font-size: small;\">A la fin de chaque exercice, un inventaire de l&rsquo;actif et du passif est dress\u00e9 par le Tr\u00e9sorier. Les comptes sont arr\u00eat\u00e9s en r\u00e9union du Conseil d&rsquo;Administration et sont soumis \u00e0 l&rsquo;approbation de l&rsquo;Assembl\u00e9e G\u00e9n\u00e9rale annuelle.<\/span><\/p>\n<p class=\"western\" align=\"justify\"><span style=\"font-size: small;\"><b>Article 8 : Le Secr\u00e9taire<\/b><\/span><\/p>\n<p class=\"western\" align=\"justify\"><span style=\"font-size: small;\">Le Secr\u00e9taire a la charge des archives.<\/span><\/p>\n<p class=\"western\" align=\"justify\"><span style=\"font-size: small;\">Il \u00e9tablit et signe les proc\u00e8s verbaux des s\u00e9ances des Bureaux, des Conseils d&rsquo;Administration et des Assembl\u00e9es G\u00e9n\u00e9rales avec le Pr\u00e9sident ou en son nom.<\/span><\/p>\n<p class=\"western\" align=\"center\"><span style=\"font-family: Courier, monospace;\"><span style=\"font-size: small;\"><b>Pr\u00e9cisions sur les missions des membres du C.A.<\/b><\/span><\/span><\/p>\n<p class=\"western\" align=\"justify\"><span style=\"font-family: Courier, monospace;\"><span style=\"font-size: small;\">En annexe \u00e0 ce pr\u00e9sent R.I. on pourra se procurer une description plus pr\u00e9cise des diff\u00e9rentes t\u00e2ches incombant aux membres ci-dessus list\u00e9s.<\/span><\/span><\/p>\n<p class=\"western\" align=\"justify\"><span style=\"font-size: small;\"><b>Article 9 : Activit\u00e9s de l&rsquo;association<\/b><\/span><\/p>\n<p class=\"western\" align=\"justify\"><span style=\"font-size: small;\">En fonction des th\u00e8mes d&rsquo;activit\u00e9s de l&rsquo;ann\u00e9e retenus par le Conseil d&rsquo;Administration : sorties, voyages, <span style=\"font-family: Courier, monospace;\">intervenants ext\u00e9rieurs<\/span>, repas, f\u00eates, relaxation, danse&#8230; ; le Bureau organise ces activit\u00e9s en fonction du budget propos\u00e9 par le Tr\u00e9sorier, vot\u00e9 par les membres du Bureau <span style=\"font-family: Courier, monospace;\">et valid\u00e9 par l\u2019AG.<\/span><\/span><\/p>\n<p class=\"western\" align=\"justify\"><span style=\"font-size: small;\"><strong>Article 10 : Modalit\u00e9 de remboursement des frais engag\u00e9s sur demande de l\u2019Association<\/strong><\/span><\/p>\n<p class=\"western\" align=\"justify\"><span style=\"font-size: small;\">Le principe retenu est de s\u2019approcher le plus possible des frais r\u00e9els. Pour cela, la personne ayant engag\u00e9 des d\u00e9penses pour l\u2019association demandera une facture chaque fois que ce sera possible. A d\u00e9faut, et pour de petites sommes (moins de 10 Euros), un ticket de caisse sera tol\u00e9r\u00e9.<\/span><\/p>\n<p class=\"western\" align=\"justify\"><span style=\"font-size: small;\">Pour ce qui concerne les d\u00e9placements effectu\u00e9s pour l\u2019association, les tickets de bus seront rembours\u00e9s sur la base du prix r\u00e9el, le ticket usag\u00e9 servant de justificatif. Idem pour les trajets en car ou en train (frais r\u00e9els sur pr\u00e9sentation du billet de car ou de train deuxi\u00e8me classe). Par contre lorsqu\u2019il s\u2019agit de rembourser des d\u00e9placements automobiles, la personne concern\u00e9e \u00e9tablira une note de frais pr\u00e9cisant le kilom\u00e9trage effectu\u00e9 et le type de carburant utilis\u00e9. Lorsqu\u2019il s\u2019agira de plusieurs petits d\u00e9placements (par ex: domicile&lt;-&gt;local de r\u00e9union) elle fera une r\u00e9capitulation trimestrielle. Le montant du remboursement apr\u00e8s accord du pr\u00e9sident et du tr\u00e9sorier, se fera sur la base d\u2019une consommation forfaitaire de 10L\/100km pour les v\u00e9hicules \u00e0 essence (tous mod\u00e8les confondus) et de 8L\/100km pour les v\u00e9hicules Diesel (tous mod\u00e8les confondus).<\/span><\/p>\n<p class=\"western\" align=\"justify\"><span style=\"font-size: small;\">Le moyen de locomotion choisi en accord avec le C.A., sera le plus \u00e9conomique possible.<\/span><\/p>\n<p class=\"western\" align=\"justify\"><span style=\"color: #000000;\"><span style=\"font-size: small;\"><b>Article 1<\/b><\/span><\/span><span style=\"color: #000000;\"><span style=\"font-size: small;\"><b>1<\/b><\/span><\/span><span style=\"color: #000000;\"><span style=\"font-size: small;\"><b> : Modalit\u00e9s de vote en Assembl\u00e9e G\u00e9n\u00e9rale<\/b><\/span><\/span><\/p>\n<p class=\"western\" align=\"justify\"><span style=\"font-size: small;\">Chaque membre actif ou associ\u00e9 de l\u2019Association a une voix d\u00e9lib\u00e9rative et peut \u00eatre porteur de 3 pouvoirs au maximum. Les membres sympathisants bien que n\u2019\u00e9tant ni \u00e9lecteurs ni \u00e9ligibles, peuvent \u00eatre porteur d\u2019un pouvoir au maximum.<\/span><\/p>\n<p class=\"western\" align=\"justify\"><span style=\"font-size: small;\">Concernant les assembl\u00e9es g\u00e9n\u00e9rales ordinaires, un quorum de participation de 1\/3 des membres (pr\u00e9sents ou repr\u00e9sent\u00e9s) est n\u00e9cessaire pour que les points vot\u00e9s par l\u2019Assembl\u00e9e G\u00e9n\u00e9rale soient consid\u00e9r\u00e9s comme d\u00e9finitivement adopt\u00e9s (ou rejet\u00e9s). Si ce quorum n\u2019est pas atteint, l\u2019assembl\u00e9e d\u00e9lib\u00e8re quand m\u00eame, mais les points vot\u00e9s sont consid\u00e9r\u00e9s comme ayant \u00e9t\u00e9 adopt\u00e9s (ou rejet\u00e9s) provisoirement. Ils pourront \u00eatre remis en cause lors de l\u2019assembl\u00e9e g\u00e9n\u00e9rale suivante. Les diff\u00e9rents points soumis aux votes sont adopt\u00e9s \u00e0 la majorit\u00e9 relative des suffrages exprim\u00e9s.<\/span><\/p>\n<p class=\"western\" align=\"justify\"><span style=\"font-size: small;\"><b>Article 12 : Surveillance et application du r\u00e8glement int\u00e9rieur<\/b><\/span><\/p>\n<p class=\"western\" align=\"justify\"><span style=\"font-size: small;\">Chaque membre re\u00e7oit mandat, par le pr\u00e9sent acte, de veiller au respect des statuts et du r\u00e8glement int\u00e9rieur.<\/span><\/p>\n<p class=\"western\"><span style=\"font-size: small;\">Oullins-Pierre-B\u00e9nite, le 14 juin 2025<\/span><\/p>\n<p>&nbsp;<\/p>\n","protected":false},"excerpt":{"rendered":"<p>R\u00c8GLEMENT INT\u00c9RIEUR DE MEDIAGORA LYON Le pr\u00e9sent r\u00e8glement int\u00e9rieur engage tous les membres de l\u2019association, ainsi que les invit\u00e9s et les intervenants ext\u00e9rieurs. Article 1 : Titre de membre Il est acquis d\u00e8s le r\u00e8glement de la cotisation annuelle et l\u2019acquittement des formalit\u00e9s administratives d\u2019inscription (remplissage de la fiche de renseignements), sous r\u00e9serve de l\u2019acceptation [&hellip;]<\/p>\n","protected":false},"author":24,"featured_media":0,"parent":1822,"menu_order":0,"comment_status":"closed","ping_status":"closed","template":"","meta":{"_et_pb_use_builder":"","_et_pb_old_content":"","_et_gb_content_width":"","footnotes":""},"class_list":["post-268","page","type-page","status-publish","hentry"],"yoast_head":"<!-- This site is optimized with the Yoast SEO plugin v27.5 - https:\/\/yoast.com\/product\/yoast-seo-wordpress\/ -->\n<title>R\u00e8glement int\u00e9rieur - M\u00e9diagora Lyon<\/title>\n<meta name=\"robots\" content=\"index, follow, max-snippet:-1, max-image-preview:large, max-video-preview:-1\" \/>\n<link rel=\"canonical\" href=\"https:\/\/mediagoras.fr\/lyon\/connaitre-mediagora\/reglement-interieur\/\" \/>\n<meta property=\"og:locale\" content=\"fr_FR\" \/>\n<meta property=\"og:type\" content=\"article\" \/>\n<meta property=\"og:title\" content=\"R\u00e8glement int\u00e9rieur - M\u00e9diagora Lyon\" \/>\n<meta property=\"og:description\" content=\"R\u00c8GLEMENT INT\u00c9RIEUR DE MEDIAGORA LYON Le pr\u00e9sent r\u00e8glement int\u00e9rieur engage tous les membres de l\u2019association, ainsi que les invit\u00e9s et les intervenants ext\u00e9rieurs. Article 1 : Titre de membre Il est acquis d\u00e8s le r\u00e8glement de la cotisation annuelle et l\u2019acquittement des formalit\u00e9s administratives d\u2019inscription (remplissage de la fiche de renseignements), sous r\u00e9serve de l\u2019acceptation [&hellip;]\" \/>\n<meta property=\"og:url\" content=\"https:\/\/mediagoras.fr\/lyon\/connaitre-mediagora\/reglement-interieur\/\" \/>\n<meta property=\"og:site_name\" content=\"M\u00e9diagora Lyon\" \/>\n<meta property=\"article:modified_time\" content=\"2025-06-16T11:57:10+00:00\" \/>\n<meta name=\"twitter:card\" content=\"summary_large_image\" \/>\n<meta name=\"twitter:label1\" content=\"Dur\u00e9e de lecture estim\u00e9e\" \/>\n\t<meta name=\"twitter:data1\" content=\"7 minutes\" \/>\n<script type=\"application\/ld+json\" class=\"yoast-schema-graph\">{\"@context\":\"https:\\\/\\\/schema.org\",\"@graph\":[{\"@type\":\"WebPage\",\"@id\":\"https:\\\/\\\/mediagoras.fr\\\/lyon\\\/connaitre-mediagora\\\/reglement-interieur\\\/\",\"url\":\"https:\\\/\\\/mediagoras.fr\\\/lyon\\\/connaitre-mediagora\\\/reglement-interieur\\\/\",\"name\":\"R\u00e8glement int\u00e9rieur - M\u00e9diagora Lyon\",\"isPartOf\":{\"@id\":\"https:\\\/\\\/mediagoras.fr\\\/lyon\\\/#website\"},\"datePublished\":\"2025-06-16T06:12:51+00:00\",\"dateModified\":\"2025-06-16T11:57:10+00:00\",\"breadcrumb\":{\"@id\":\"https:\\\/\\\/mediagoras.fr\\\/lyon\\\/connaitre-mediagora\\\/reglement-interieur\\\/#breadcrumb\"},\"inLanguage\":\"fr-FR\",\"potentialAction\":[{\"@type\":\"ReadAction\",\"target\":[\"https:\\\/\\\/mediagoras.fr\\\/lyon\\\/connaitre-mediagora\\\/reglement-interieur\\\/\"]}]},{\"@type\":\"BreadcrumbList\",\"@id\":\"https:\\\/\\\/mediagoras.fr\\\/lyon\\\/connaitre-mediagora\\\/reglement-interieur\\\/#breadcrumb\",\"itemListElement\":[{\"@type\":\"ListItem\",\"position\":1,\"name\":\"Accueil\",\"item\":\"https:\\\/\\\/mediagoras.fr\\\/lyon\\\/\"},{\"@type\":\"ListItem\",\"position\":2,\"name\":\"A propos de M\u00e9diagora\",\"item\":\"https:\\\/\\\/mediagoras.fr\\\/lyon\\\/connaitre-mediagora\\\/\"},{\"@type\":\"ListItem\",\"position\":3,\"name\":\"R\u00e8glement int\u00e9rieur\"}]},{\"@type\":\"WebSite\",\"@id\":\"https:\\\/\\\/mediagoras.fr\\\/lyon\\\/#website\",\"url\":\"https:\\\/\\\/mediagoras.fr\\\/lyon\\\/\",\"name\":\"M\u00e9diagora Lyon\",\"description\":\"Il n&#039;est jamais trop tard pour prendre contact\",\"potentialAction\":[{\"@type\":\"SearchAction\",\"target\":{\"@type\":\"EntryPoint\",\"urlTemplate\":\"https:\\\/\\\/mediagoras.fr\\\/lyon\\\/?s={search_term_string}\"},\"query-input\":{\"@type\":\"PropertyValueSpecification\",\"valueRequired\":true,\"valueName\":\"search_term_string\"}}],\"inLanguage\":\"fr-FR\"}]}<\/script>\n<!-- \/ Yoast SEO plugin. -->","yoast_head_json":{"title":"R\u00e8glement int\u00e9rieur - M\u00e9diagora Lyon","robots":{"index":"index","follow":"follow","max-snippet":"max-snippet:-1","max-image-preview":"max-image-preview:large","max-video-preview":"max-video-preview:-1"},"canonical":"https:\/\/mediagoras.fr\/lyon\/connaitre-mediagora\/reglement-interieur\/","og_locale":"fr_FR","og_type":"article","og_title":"R\u00e8glement int\u00e9rieur - M\u00e9diagora Lyon","og_description":"R\u00c8GLEMENT INT\u00c9RIEUR DE MEDIAGORA LYON Le pr\u00e9sent r\u00e8glement int\u00e9rieur engage tous les membres de l\u2019association, ainsi que les invit\u00e9s et les intervenants ext\u00e9rieurs. Article 1 : Titre de membre Il est acquis d\u00e8s le r\u00e8glement de la cotisation annuelle et l\u2019acquittement des formalit\u00e9s administratives d\u2019inscription (remplissage de la fiche de renseignements), sous r\u00e9serve de l\u2019acceptation [&hellip;]","og_url":"https:\/\/mediagoras.fr\/lyon\/connaitre-mediagora\/reglement-interieur\/","og_site_name":"M\u00e9diagora Lyon","article_modified_time":"2025-06-16T11:57:10+00:00","twitter_card":"summary_large_image","twitter_misc":{"Dur\u00e9e de lecture estim\u00e9e":"7 minutes"},"schema":{"@context":"https:\/\/schema.org","@graph":[{"@type":"WebPage","@id":"https:\/\/mediagoras.fr\/lyon\/connaitre-mediagora\/reglement-interieur\/","url":"https:\/\/mediagoras.fr\/lyon\/connaitre-mediagora\/reglement-interieur\/","name":"R\u00e8glement int\u00e9rieur - M\u00e9diagora Lyon","isPartOf":{"@id":"https:\/\/mediagoras.fr\/lyon\/#website"},"datePublished":"2025-06-16T06:12:51+00:00","dateModified":"2025-06-16T11:57:10+00:00","breadcrumb":{"@id":"https:\/\/mediagoras.fr\/lyon\/connaitre-mediagora\/reglement-interieur\/#breadcrumb"},"inLanguage":"fr-FR","potentialAction":[{"@type":"ReadAction","target":["https:\/\/mediagoras.fr\/lyon\/connaitre-mediagora\/reglement-interieur\/"]}]},{"@type":"BreadcrumbList","@id":"https:\/\/mediagoras.fr\/lyon\/connaitre-mediagora\/reglement-interieur\/#breadcrumb","itemListElement":[{"@type":"ListItem","position":1,"name":"Accueil","item":"https:\/\/mediagoras.fr\/lyon\/"},{"@type":"ListItem","position":2,"name":"A propos de M\u00e9diagora","item":"https:\/\/mediagoras.fr\/lyon\/connaitre-mediagora\/"},{"@type":"ListItem","position":3,"name":"R\u00e8glement int\u00e9rieur"}]},{"@type":"WebSite","@id":"https:\/\/mediagoras.fr\/lyon\/#website","url":"https:\/\/mediagoras.fr\/lyon\/","name":"M\u00e9diagora Lyon","description":"Il n&#039;est jamais trop tard pour prendre contact","potentialAction":[{"@type":"SearchAction","target":{"@type":"EntryPoint","urlTemplate":"https:\/\/mediagoras.fr\/lyon\/?s={search_term_string}"},"query-input":{"@type":"PropertyValueSpecification","valueRequired":true,"valueName":"search_term_string"}}],"inLanguage":"fr-FR"}]}},"_links":{"self":[{"href":"https:\/\/mediagoras.fr\/lyon\/wp-json\/wp\/v2\/pages\/268","targetHints":{"allow":["GET"]}}],"collection":[{"href":"https:\/\/mediagoras.fr\/lyon\/wp-json\/wp\/v2\/pages"}],"about":[{"href":"https:\/\/mediagoras.fr\/lyon\/wp-json\/wp\/v2\/types\/page"}],"author":[{"embeddable":true,"href":"https:\/\/mediagoras.fr\/lyon\/wp-json\/wp\/v2\/users\/24"}],"replies":[{"embeddable":true,"href":"https:\/\/mediagoras.fr\/lyon\/wp-json\/wp\/v2\/comments?post=268"}],"version-history":[{"count":16,"href":"https:\/\/mediagoras.fr\/lyon\/wp-json\/wp\/v2\/pages\/268\/revisions"}],"predecessor-version":[{"id":2786,"href":"https:\/\/mediagoras.fr\/lyon\/wp-json\/wp\/v2\/pages\/268\/revisions\/2786"}],"up":[{"embeddable":true,"href":"https:\/\/mediagoras.fr\/lyon\/wp-json\/wp\/v2\/pages\/1822"}],"wp:attachment":[{"href":"https:\/\/mediagoras.fr\/lyon\/wp-json\/wp\/v2\/media?parent=268"}],"curies":[{"name":"wp","href":"https:\/\/api.w.org\/{rel}","templated":true}]}}