{"id":2847,"date":"2026-04-09T19:52:55","date_gmt":"2026-04-09T17:52:55","guid":{"rendered":"https:\/\/mediagoras.fr\/lyon\/?page_id=2847"},"modified":"2026-04-09T19:52:55","modified_gmt":"2026-04-09T17:52:55","slug":"les-reunions-de-mediagora-lyon","status":"publish","type":"page","link":"https:\/\/mediagoras.fr\/lyon\/les-reunions-de-mediagora-lyon\/","title":{"rendered":"Les r\u00e9unions de M\u00e9diagora Lyon"},"content":{"rendered":"<p>M\u00e9diagora Lyon organise des rencontres r\u00e9guli\u00e8res. Il s&rsquo;agit principalement de groupes de parole et de soutien, ponctu\u00e9s parfois de petits ateliers d&rsquo;expressions, de d\u00e9bats sur un sujet pr\u00e9cis, ou d&rsquo;ateliers.<br \/>\nCes r\u00e9unions informelles ont lieu tous les 15 jours en moyenne, et sont l&rsquo;occasion d&rsquo;\u00e9changer, de se r\u00e9conforter, et de s&rsquo;encourager.<\/p>\n<h2>C&rsquo;est pour qui\u00a0?<\/h2>\n<p>Les r\u00e9unions de M\u00e9diagora Lyon sont ouvertes \u00e0 tous : personnes souffrantes ou membres de leurs familles, personne seule ou accompagn\u00e9e&#8230;<br \/>\nEt ce toute l&rsquo;ann\u00e9e : nous accueillons tous ceux qui se pr\u00e9sentent, m\u00eame durant le courant de l&rsquo;ann\u00e9e.<\/p>\n<p style=\"text-align: center; color: #ee7202;\">IL N&rsquo;EST JAMAIS TROP TARD POUR PRENDRE CONTACT<\/p>\n<p>&nbsp;<\/p>\n<div class=\"su-row\"><div class=\"su-column su-column-size-1-2\"><div class=\"su-column-inner su-u-clearfix su-u-trim\">\n<h2>Comment \u00e7a se passe\u00a0?<\/h2>\n<p><strong>Horaires :<\/strong> de 14h00 \u00e0 18h00 environ<\/p>\n<p><strong>D\u00e9roulement type :<\/strong><\/p>\n<ul>\n<li>14h00 &#8211; 14h15 : Accueil des nouveaux venus<\/li>\n<li>14h15\u00a0 &#8211; 16h30 : Groupe de Parole<\/li>\n<li>16h30\u00a0&#8211;\u00a017h00\u00a0: Pause go\u00fbter<\/li>\n<li>17h00\u00a0&#8211;\u00a018h00\u00a0: 2nd atelier<\/li>\n<\/ul>\n<p><strong>Aucune activit\u00e9 n\u2019est obligatoire<\/strong><\/p>\n<div class=\"su-accordion su-u-trim\"><div class=\"su-spoiler su-spoiler-style-default su-spoiler-icon-plus su-spoiler-closed\" data-scroll-offset=\"0\" data-anchor-in-url=\"no\"><div class=\"su-spoiler-title\" tabindex=\"0\" role=\"button\"><span class=\"su-spoiler-icon\"><\/span>L\u2019accueil des nouveaux<\/div><div class=\"su-spoiler-content su-u-clearfix su-u-trim\">\n<p>Cela permet aux responsables de l\u2019association de leur souhaiter la bienvenue et de les renseigner.<\/p>\n<p>Cette premi\u00e8re demi-heure a aussi pour but de les mettre \u00e0 l\u2019aise afin qu\u2019ils n\u2019aient pas l\u2019impression de se retrouver seuls face \u00e0 des inconnus.<\/p>\n<p>Pour les autres membres de l\u2019association, c&rsquo;est l\u2019occasion de se retrouver et de discuter librement.<\/p>\n<\/div><\/div>\n<div class=\"su-spoiler su-spoiler-style-default su-spoiler-icon-plus su-spoiler-closed\" data-scroll-offset=\"0\" data-anchor-in-url=\"no\"><div class=\"su-spoiler-title\" tabindex=\"0\" role=\"button\"><span class=\"su-spoiler-icon\"><\/span>La m\u00e9t\u00e9o<\/div><div class=\"su-spoiler-content su-u-clearfix su-u-trim\">\n<p>Il s&rsquo;agit d&rsquo;un tour de table o\u00f9 chacun indique ce qu&rsquo;il a v\u00e9cu depuis sa derni\u00e8re venue (en insistant sur le positif).<\/p>\n<p>Les personnes nouvelles ou trop stress\u00e9es ne sont pas oblig\u00e9es de prendre la parole.<\/p>\n<\/div><\/div>\n<div class=\"su-spoiler su-spoiler-style-default su-spoiler-icon-plus su-spoiler-closed\" data-scroll-offset=\"0\" data-anchor-in-url=\"no\"><div class=\"su-spoiler-title\" tabindex=\"0\" role=\"button\"><span class=\"su-spoiler-icon\"><\/span>La pause<\/div><div class=\"su-spoiler-content su-u-clearfix su-u-trim\">\n<p>A mi-parcours, l\u2019association propose une \u00ab pause go\u00fbter \u00bb. Ce moment convivial participe aux \u00e9changes, aux discussions entre les membres de l\u2019association autour d\u2019une boisson et de biscuits. Il permet aussi aux nouveaux arrivants de faire davantage connaissance avec les autres. C\u2019est un moment de d\u00e9tente que certains (notamment les anxieux sociaux) trouvent difficile, mais tr\u00e8s formateur.<\/p>\n<\/div><\/div>\n<div class=\"su-spoiler su-spoiler-style-default su-spoiler-icon-plus su-spoiler-closed\" data-scroll-offset=\"0\" data-anchor-in-url=\"no\"><div class=\"su-spoiler-title\" tabindex=\"0\" role=\"button\"><span class=\"su-spoiler-icon\"><\/span>La 2nde activit\u00e9<\/div><div class=\"su-spoiler-content su-u-clearfix su-u-trim\">\n<p>La fin de la r\u00e9union est consacr\u00e9e, selon les disponibilit\u00e9s des intervenants, \u00e0 une activit\u00e9 moins \u00ab c\u00e9r\u00e9brale \u00bb (sophrologie, danse, th\u00e9\u00e2tre, \u2026). Cette activit\u00e9 participe \u00e0 l\u2019expression corporelle des participants. S\u2019il n\u2019y pas d\u2019activit\u00e9 de pr\u00e9vue, les s\u00e9ances \u00e0 th\u00e8mes ou les \u00e9changes libres se poursuivent. Parfois nous accueillons des intervenants ext\u00e9rieurs, et le d\u00e9roulement est alors diff\u00e9rent, notamment s\u2019il s\u2019agit d\u2019un conf\u00e9rencier. Mais, dans ces cas-l\u00e0, plut\u00f4t qu\u2019un discours du style \u00ab grand amphi \u00bb o\u00f9 un seul serait porteur de la \u00ab bonne parole \u00bb et l\u2019auditoire passif, nous essayons toujours de favoriser les \u00e9changes et le dialogue.<\/p>\n<\/div><\/div>\n<\/div>\n<\/div><\/div>\n<div class=\"su-column su-column-size-1-2\"><div class=\"su-column-inner su-u-clearfix su-u-trim\">\n<h2>Et \u00e7a se passe o\u00f9\u00a0?<\/h2>\n<p><a href=\"https:\/\/mediagoras.fr\/lyon\/reunions-hebdomadaires\/les-lieux\/\">Par ici !<\/a><\/p>\n<\/div><\/div><\/div>\n","protected":false},"excerpt":{"rendered":"<p>M\u00e9diagora Lyon organise des rencontres r\u00e9guli\u00e8res. Il s&rsquo;agit principalement de groupes de parole et de soutien, ponctu\u00e9s parfois de petits ateliers d&rsquo;expressions, de d\u00e9bats sur un sujet pr\u00e9cis, ou d&rsquo;ateliers. Ces r\u00e9unions informelles ont lieu tous les 15 jours en moyenne, et sont l&rsquo;occasion d&rsquo;\u00e9changer, de se r\u00e9conforter, et de s&rsquo;encourager. C&rsquo;est pour qui\u00a0? Les [&hellip;]<\/p>\n","protected":false},"author":38,"featured_media":0,"parent":0,"menu_order":0,"comment_status":"closed","ping_status":"closed","template":"","meta":{"_et_pb_use_builder":"","_et_pb_old_content":"","_et_gb_content_width":"","footnotes":""},"class_list":["post-2847","page","type-page","status-publish","hentry"],"yoast_head":"<!-- This site is optimized with the Yoast SEO plugin v27.5 - https:\/\/yoast.com\/product\/yoast-seo-wordpress\/ -->\n<title>Les r\u00e9unions de M\u00e9diagora Lyon - M\u00e9diagora Lyon<\/title>\n<meta name=\"robots\" content=\"index, follow, max-snippet:-1, max-image-preview:large, max-video-preview:-1\" \/>\n<link rel=\"canonical\" href=\"https:\/\/mediagoras.fr\/lyon\/les-reunions-de-mediagora-lyon\/\" \/>\n<meta property=\"og:locale\" content=\"fr_FR\" \/>\n<meta property=\"og:type\" content=\"article\" \/>\n<meta property=\"og:title\" content=\"Les r\u00e9unions de M\u00e9diagora Lyon - M\u00e9diagora Lyon\" \/>\n<meta property=\"og:description\" content=\"M\u00e9diagora Lyon organise des rencontres r\u00e9guli\u00e8res. Il s&rsquo;agit principalement de groupes de parole et de soutien, ponctu\u00e9s parfois de petits ateliers d&rsquo;expressions, de d\u00e9bats sur un sujet pr\u00e9cis, ou d&rsquo;ateliers. Ces r\u00e9unions informelles ont lieu tous les 15 jours en moyenne, et sont l&rsquo;occasion d&rsquo;\u00e9changer, de se r\u00e9conforter, et de s&rsquo;encourager. C&rsquo;est pour qui\u00a0? Les [&hellip;]\" \/>\n<meta property=\"og:url\" content=\"https:\/\/mediagoras.fr\/lyon\/les-reunions-de-mediagora-lyon\/\" \/>\n<meta property=\"og:site_name\" content=\"M\u00e9diagora Lyon\" \/>\n<meta name=\"twitter:card\" content=\"summary_large_image\" \/>\n<meta name=\"twitter:label1\" content=\"Dur\u00e9e de lecture estim\u00e9e\" \/>\n\t<meta name=\"twitter:data1\" content=\"3 minutes\" \/>\n<script type=\"application\/ld+json\" class=\"yoast-schema-graph\">{\"@context\":\"https:\\\/\\\/schema.org\",\"@graph\":[{\"@type\":\"WebPage\",\"@id\":\"https:\\\/\\\/mediagoras.fr\\\/lyon\\\/les-reunions-de-mediagora-lyon\\\/\",\"url\":\"https:\\\/\\\/mediagoras.fr\\\/lyon\\\/les-reunions-de-mediagora-lyon\\\/\",\"name\":\"Les r\u00e9unions de M\u00e9diagora Lyon - M\u00e9diagora Lyon\",\"isPartOf\":{\"@id\":\"https:\\\/\\\/mediagoras.fr\\\/lyon\\\/#website\"},\"datePublished\":\"2026-04-09T17:52:55+00:00\",\"breadcrumb\":{\"@id\":\"https:\\\/\\\/mediagoras.fr\\\/lyon\\\/les-reunions-de-mediagora-lyon\\\/#breadcrumb\"},\"inLanguage\":\"fr-FR\",\"potentialAction\":[{\"@type\":\"ReadAction\",\"target\":[\"https:\\\/\\\/mediagoras.fr\\\/lyon\\\/les-reunions-de-mediagora-lyon\\\/\"]}]},{\"@type\":\"BreadcrumbList\",\"@id\":\"https:\\\/\\\/mediagoras.fr\\\/lyon\\\/les-reunions-de-mediagora-lyon\\\/#breadcrumb\",\"itemListElement\":[{\"@type\":\"ListItem\",\"position\":1,\"name\":\"Accueil\",\"item\":\"https:\\\/\\\/mediagoras.fr\\\/lyon\\\/\"},{\"@type\":\"ListItem\",\"position\":2,\"name\":\"Les r\u00e9unions de M\u00e9diagora Lyon\"}]},{\"@type\":\"WebSite\",\"@id\":\"https:\\\/\\\/mediagoras.fr\\\/lyon\\\/#website\",\"url\":\"https:\\\/\\\/mediagoras.fr\\\/lyon\\\/\",\"name\":\"M\u00e9diagora Lyon\",\"description\":\"Il n&#039;est jamais trop tard pour prendre contact\",\"potentialAction\":[{\"@type\":\"SearchAction\",\"target\":{\"@type\":\"EntryPoint\",\"urlTemplate\":\"https:\\\/\\\/mediagoras.fr\\\/lyon\\\/?s={search_term_string}\"},\"query-input\":{\"@type\":\"PropertyValueSpecification\",\"valueRequired\":true,\"valueName\":\"search_term_string\"}}],\"inLanguage\":\"fr-FR\"}]}<\/script>\n<!-- \/ Yoast SEO plugin. -->","yoast_head_json":{"title":"Les r\u00e9unions de M\u00e9diagora Lyon - M\u00e9diagora Lyon","robots":{"index":"index","follow":"follow","max-snippet":"max-snippet:-1","max-image-preview":"max-image-preview:large","max-video-preview":"max-video-preview:-1"},"canonical":"https:\/\/mediagoras.fr\/lyon\/les-reunions-de-mediagora-lyon\/","og_locale":"fr_FR","og_type":"article","og_title":"Les r\u00e9unions de M\u00e9diagora Lyon - M\u00e9diagora Lyon","og_description":"M\u00e9diagora Lyon organise des rencontres r\u00e9guli\u00e8res. Il s&rsquo;agit principalement de groupes de parole et de soutien, ponctu\u00e9s parfois de petits ateliers d&rsquo;expressions, de d\u00e9bats sur un sujet pr\u00e9cis, ou d&rsquo;ateliers. Ces r\u00e9unions informelles ont lieu tous les 15 jours en moyenne, et sont l&rsquo;occasion d&rsquo;\u00e9changer, de se r\u00e9conforter, et de s&rsquo;encourager. C&rsquo;est pour qui\u00a0? Les [&hellip;]","og_url":"https:\/\/mediagoras.fr\/lyon\/les-reunions-de-mediagora-lyon\/","og_site_name":"M\u00e9diagora Lyon","twitter_card":"summary_large_image","twitter_misc":{"Dur\u00e9e de lecture estim\u00e9e":"3 minutes"},"schema":{"@context":"https:\/\/schema.org","@graph":[{"@type":"WebPage","@id":"https:\/\/mediagoras.fr\/lyon\/les-reunions-de-mediagora-lyon\/","url":"https:\/\/mediagoras.fr\/lyon\/les-reunions-de-mediagora-lyon\/","name":"Les r\u00e9unions de M\u00e9diagora Lyon - M\u00e9diagora Lyon","isPartOf":{"@id":"https:\/\/mediagoras.fr\/lyon\/#website"},"datePublished":"2026-04-09T17:52:55+00:00","breadcrumb":{"@id":"https:\/\/mediagoras.fr\/lyon\/les-reunions-de-mediagora-lyon\/#breadcrumb"},"inLanguage":"fr-FR","potentialAction":[{"@type":"ReadAction","target":["https:\/\/mediagoras.fr\/lyon\/les-reunions-de-mediagora-lyon\/"]}]},{"@type":"BreadcrumbList","@id":"https:\/\/mediagoras.fr\/lyon\/les-reunions-de-mediagora-lyon\/#breadcrumb","itemListElement":[{"@type":"ListItem","position":1,"name":"Accueil","item":"https:\/\/mediagoras.fr\/lyon\/"},{"@type":"ListItem","position":2,"name":"Les r\u00e9unions de M\u00e9diagora Lyon"}]},{"@type":"WebSite","@id":"https:\/\/mediagoras.fr\/lyon\/#website","url":"https:\/\/mediagoras.fr\/lyon\/","name":"M\u00e9diagora Lyon","description":"Il n&#039;est jamais trop tard pour prendre contact","potentialAction":[{"@type":"SearchAction","target":{"@type":"EntryPoint","urlTemplate":"https:\/\/mediagoras.fr\/lyon\/?s={search_term_string}"},"query-input":{"@type":"PropertyValueSpecification","valueRequired":true,"valueName":"search_term_string"}}],"inLanguage":"fr-FR"}]}},"_links":{"self":[{"href":"https:\/\/mediagoras.fr\/lyon\/wp-json\/wp\/v2\/pages\/2847","targetHints":{"allow":["GET"]}}],"collection":[{"href":"https:\/\/mediagoras.fr\/lyon\/wp-json\/wp\/v2\/pages"}],"about":[{"href":"https:\/\/mediagoras.fr\/lyon\/wp-json\/wp\/v2\/types\/page"}],"author":[{"embeddable":true,"href":"https:\/\/mediagoras.fr\/lyon\/wp-json\/wp\/v2\/users\/38"}],"replies":[{"embeddable":true,"href":"https:\/\/mediagoras.fr\/lyon\/wp-json\/wp\/v2\/comments?post=2847"}],"version-history":[{"count":1,"href":"https:\/\/mediagoras.fr\/lyon\/wp-json\/wp\/v2\/pages\/2847\/revisions"}],"predecessor-version":[{"id":2849,"href":"https:\/\/mediagoras.fr\/lyon\/wp-json\/wp\/v2\/pages\/2847\/revisions\/2849"}],"wp:attachment":[{"href":"https:\/\/mediagoras.fr\/lyon\/wp-json\/wp\/v2\/media?parent=2847"}],"curies":[{"name":"wp","href":"https:\/\/api.w.org\/{rel}","templated":true}]}}