{"id":62,"date":"2010-09-05T09:02:05","date_gmt":"2010-09-05T07:02:05","guid":{"rendered":"http:\/\/mediagora.lyon.free.fr\/nouv-site\/?page_id=62"},"modified":"2016-09-13T17:41:18","modified_gmt":"2016-09-13T15:41:18","slug":"notre-philosophie","status":"publish","type":"page","link":"https:\/\/mediagoras.fr\/lyon\/connaitre-mediagora\/notre-philosophie\/","title":{"rendered":"Notre Philosophie"},"content":{"rendered":"<h6 style=\"text-align: right;\">Derni\u00e8re mise \u00e0 jour de cette page le 11-03-2011<\/h6>\n<p>L&rsquo;association M\u00e9diagora a pour vocation de venir en aide aux personnes souffrant de troubles anxieux ou de phobies, que ces personnes soient en soin ou non (\u00e0 ce titre, on ne peut donc pas dire qu&rsquo;il s&rsquo;agit d&rsquo;une association de patients, m\u00eame si c&rsquo;est dans cet esprit que l&rsquo;association fut cr\u00e9\u00e9e). Elle a aussi vocation \u00e0 aider leurs proches.<\/p>\n<p>Le principe premier des membres de l&rsquo;association est un engagement b\u00e9n\u00e9vole; ce sont des personnes en souffrance ou gu\u00e9ries, ou des th\u00e9rapeutes b\u00e9n\u00e9voles qui animent l&rsquo;association M\u00e9diagora.<\/p>\n<p>M\u00e9diagora se veut ind\u00e9pendante de tout pouvoir m\u00e9dical et pharmaceutique. Aucun essai th\u00e9rapeutique m\u00e9dicamenteux n&rsquo;est accept\u00e9 au sein m\u00eame de l&rsquo;association.<\/p>\n<p>M\u00e9diagora respecte la confidentialit\u00e9.<\/p>\n<p>M\u00e9diagora est apolitique et respecte les convictions religieuses de chacun.<\/p>\n","protected":false},"excerpt":{"rendered":"<p>Derni\u00e8re mise \u00e0 jour de cette page le 11-03-2011 L&rsquo;association M\u00e9diagora a pour vocation de venir en aide aux personnes souffrant de troubles anxieux ou de phobies, que ces personnes soient en soin ou non (\u00e0 ce titre, on ne peut donc pas dire qu&rsquo;il s&rsquo;agit d&rsquo;une association de patients, m\u00eame si c&rsquo;est dans cet [&hellip;]<\/p>\n","protected":false},"author":11,"featured_media":0,"parent":1822,"menu_order":0,"comment_status":"closed","ping_status":"closed","template":"templates\/page-leftsidebar_template.php","meta":{"_et_pb_use_builder":"","_et_pb_old_content":"","_et_gb_content_width":"","footnotes":""},"class_list":["post-62","page","type-page","status-publish","hentry"],"yoast_head":"<!-- This site is optimized with the Yoast SEO plugin v27.5 - https:\/\/yoast.com\/product\/yoast-seo-wordpress\/ -->\n<title>Notre Philosophie - M\u00e9diagora Lyon<\/title>\n<meta name=\"robots\" content=\"index, follow, max-snippet:-1, max-image-preview:large, max-video-preview:-1\" \/>\n<link rel=\"canonical\" href=\"https:\/\/mediagoras.fr\/lyon\/connaitre-mediagora\/notre-philosophie\/\" \/>\n<meta property=\"og:locale\" content=\"fr_FR\" \/>\n<meta property=\"og:type\" content=\"article\" \/>\n<meta property=\"og:title\" content=\"Notre Philosophie - M\u00e9diagora Lyon\" \/>\n<meta property=\"og:description\" content=\"Derni\u00e8re mise \u00e0 jour de cette page le 11-03-2011 L&rsquo;association M\u00e9diagora a pour vocation de venir en aide aux personnes souffrant de troubles anxieux ou de phobies, que ces personnes soient en soin ou non (\u00e0 ce titre, on ne peut donc pas dire qu&rsquo;il s&rsquo;agit d&rsquo;une association de patients, m\u00eame si c&rsquo;est dans cet [&hellip;]\" \/>\n<meta property=\"og:url\" content=\"https:\/\/mediagoras.fr\/lyon\/connaitre-mediagora\/notre-philosophie\/\" \/>\n<meta property=\"og:site_name\" content=\"M\u00e9diagora Lyon\" \/>\n<meta property=\"article:modified_time\" content=\"2016-09-13T15:41:18+00:00\" \/>\n<meta name=\"twitter:card\" content=\"summary_large_image\" \/>\n<meta name=\"twitter:label1\" content=\"Dur\u00e9e de lecture estim\u00e9e\" \/>\n\t<meta name=\"twitter:data1\" content=\"1 minute\" \/>\n<script type=\"application\/ld+json\" class=\"yoast-schema-graph\">{\"@context\":\"https:\\\/\\\/schema.org\",\"@graph\":[{\"@type\":\"WebPage\",\"@id\":\"https:\\\/\\\/mediagoras.fr\\\/lyon\\\/connaitre-mediagora\\\/notre-philosophie\\\/\",\"url\":\"https:\\\/\\\/mediagoras.fr\\\/lyon\\\/connaitre-mediagora\\\/notre-philosophie\\\/\",\"name\":\"Notre Philosophie - M\u00e9diagora Lyon\",\"isPartOf\":{\"@id\":\"https:\\\/\\\/mediagoras.fr\\\/lyon\\\/#website\"},\"datePublished\":\"2010-09-05T07:02:05+00:00\",\"dateModified\":\"2016-09-13T15:41:18+00:00\",\"breadcrumb\":{\"@id\":\"https:\\\/\\\/mediagoras.fr\\\/lyon\\\/connaitre-mediagora\\\/notre-philosophie\\\/#breadcrumb\"},\"inLanguage\":\"fr-FR\",\"potentialAction\":[{\"@type\":\"ReadAction\",\"target\":[\"https:\\\/\\\/mediagoras.fr\\\/lyon\\\/connaitre-mediagora\\\/notre-philosophie\\\/\"]}]},{\"@type\":\"BreadcrumbList\",\"@id\":\"https:\\\/\\\/mediagoras.fr\\\/lyon\\\/connaitre-mediagora\\\/notre-philosophie\\\/#breadcrumb\",\"itemListElement\":[{\"@type\":\"ListItem\",\"position\":1,\"name\":\"Accueil\",\"item\":\"https:\\\/\\\/mediagoras.fr\\\/lyon\\\/\"},{\"@type\":\"ListItem\",\"position\":2,\"name\":\"A propos de M\u00e9diagora\",\"item\":\"https:\\\/\\\/mediagoras.fr\\\/lyon\\\/connaitre-mediagora\\\/\"},{\"@type\":\"ListItem\",\"position\":3,\"name\":\"Notre Philosophie\"}]},{\"@type\":\"WebSite\",\"@id\":\"https:\\\/\\\/mediagoras.fr\\\/lyon\\\/#website\",\"url\":\"https:\\\/\\\/mediagoras.fr\\\/lyon\\\/\",\"name\":\"M\u00e9diagora Lyon\",\"description\":\"Il n&#039;est jamais trop tard pour prendre contact\",\"potentialAction\":[{\"@type\":\"SearchAction\",\"target\":{\"@type\":\"EntryPoint\",\"urlTemplate\":\"https:\\\/\\\/mediagoras.fr\\\/lyon\\\/?s={search_term_string}\"},\"query-input\":{\"@type\":\"PropertyValueSpecification\",\"valueRequired\":true,\"valueName\":\"search_term_string\"}}],\"inLanguage\":\"fr-FR\"}]}<\/script>\n<!-- \/ Yoast SEO plugin. -->","yoast_head_json":{"title":"Notre Philosophie - M\u00e9diagora Lyon","robots":{"index":"index","follow":"follow","max-snippet":"max-snippet:-1","max-image-preview":"max-image-preview:large","max-video-preview":"max-video-preview:-1"},"canonical":"https:\/\/mediagoras.fr\/lyon\/connaitre-mediagora\/notre-philosophie\/","og_locale":"fr_FR","og_type":"article","og_title":"Notre Philosophie - M\u00e9diagora Lyon","og_description":"Derni\u00e8re mise \u00e0 jour de cette page le 11-03-2011 L&rsquo;association M\u00e9diagora a pour vocation de venir en aide aux personnes souffrant de troubles anxieux ou de phobies, que ces personnes soient en soin ou non (\u00e0 ce titre, on ne peut donc pas dire qu&rsquo;il s&rsquo;agit d&rsquo;une association de patients, m\u00eame si c&rsquo;est dans cet [&hellip;]","og_url":"https:\/\/mediagoras.fr\/lyon\/connaitre-mediagora\/notre-philosophie\/","og_site_name":"M\u00e9diagora Lyon","article_modified_time":"2016-09-13T15:41:18+00:00","twitter_card":"summary_large_image","twitter_misc":{"Dur\u00e9e de lecture estim\u00e9e":"1 minute"},"schema":{"@context":"https:\/\/schema.org","@graph":[{"@type":"WebPage","@id":"https:\/\/mediagoras.fr\/lyon\/connaitre-mediagora\/notre-philosophie\/","url":"https:\/\/mediagoras.fr\/lyon\/connaitre-mediagora\/notre-philosophie\/","name":"Notre Philosophie - M\u00e9diagora Lyon","isPartOf":{"@id":"https:\/\/mediagoras.fr\/lyon\/#website"},"datePublished":"2010-09-05T07:02:05+00:00","dateModified":"2016-09-13T15:41:18+00:00","breadcrumb":{"@id":"https:\/\/mediagoras.fr\/lyon\/connaitre-mediagora\/notre-philosophie\/#breadcrumb"},"inLanguage":"fr-FR","potentialAction":[{"@type":"ReadAction","target":["https:\/\/mediagoras.fr\/lyon\/connaitre-mediagora\/notre-philosophie\/"]}]},{"@type":"BreadcrumbList","@id":"https:\/\/mediagoras.fr\/lyon\/connaitre-mediagora\/notre-philosophie\/#breadcrumb","itemListElement":[{"@type":"ListItem","position":1,"name":"Accueil","item":"https:\/\/mediagoras.fr\/lyon\/"},{"@type":"ListItem","position":2,"name":"A propos de M\u00e9diagora","item":"https:\/\/mediagoras.fr\/lyon\/connaitre-mediagora\/"},{"@type":"ListItem","position":3,"name":"Notre Philosophie"}]},{"@type":"WebSite","@id":"https:\/\/mediagoras.fr\/lyon\/#website","url":"https:\/\/mediagoras.fr\/lyon\/","name":"M\u00e9diagora Lyon","description":"Il n&#039;est jamais trop tard pour prendre contact","potentialAction":[{"@type":"SearchAction","target":{"@type":"EntryPoint","urlTemplate":"https:\/\/mediagoras.fr\/lyon\/?s={search_term_string}"},"query-input":{"@type":"PropertyValueSpecification","valueRequired":true,"valueName":"search_term_string"}}],"inLanguage":"fr-FR"}]}},"_links":{"self":[{"href":"https:\/\/mediagoras.fr\/lyon\/wp-json\/wp\/v2\/pages\/62","targetHints":{"allow":["GET"]}}],"collection":[{"href":"https:\/\/mediagoras.fr\/lyon\/wp-json\/wp\/v2\/pages"}],"about":[{"href":"https:\/\/mediagoras.fr\/lyon\/wp-json\/wp\/v2\/types\/page"}],"author":[{"embeddable":true,"href":"https:\/\/mediagoras.fr\/lyon\/wp-json\/wp\/v2\/users\/11"}],"replies":[{"embeddable":true,"href":"https:\/\/mediagoras.fr\/lyon\/wp-json\/wp\/v2\/comments?post=62"}],"version-history":[{"count":5,"href":"https:\/\/mediagoras.fr\/lyon\/wp-json\/wp\/v2\/pages\/62\/revisions"}],"predecessor-version":[{"id":1910,"href":"https:\/\/mediagoras.fr\/lyon\/wp-json\/wp\/v2\/pages\/62\/revisions\/1910"}],"up":[{"embeddable":true,"href":"https:\/\/mediagoras.fr\/lyon\/wp-json\/wp\/v2\/pages\/1822"}],"wp:attachment":[{"href":"https:\/\/mediagoras.fr\/lyon\/wp-json\/wp\/v2\/media?parent=62"}],"curies":[{"name":"wp","href":"https:\/\/api.w.org\/{rel}","templated":true}]}}